Last updated on 2025-07-02 03:50:56 CEST.
Flavor | Version | Tinstall | Tcheck | Ttotal | Status | Flags |
---|---|---|---|---|---|---|
r-devel-linux-x86_64-debian-clang | 1.1.0 | 44.98 | 364.61 | 409.59 | NOTE | |
r-devel-linux-x86_64-debian-gcc | 1.1.0 | 30.09 | 265.21 | 295.30 | NOTE | |
r-devel-linux-x86_64-fedora-clang | 1.1.0 | 656.15 | OK | |||
r-devel-linux-x86_64-fedora-gcc | 1.1.0 | 630.25 | OK | |||
r-devel-windows-x86_64 | 1.1.0 | 44.00 | 308.00 | 352.00 | OK | |
r-patched-linux-x86_64 | OK | |||||
r-release-linux-x86_64 | 1.1.0 | 40.79 | 343.18 | 383.97 | OK | |
r-release-macos-arm64 | 1.1.0 | 160.00 | OK | |||
r-release-macos-x86_64 | 1.1.0 | 297.00 | OK | |||
r-release-windows-x86_64 | 1.1.0 | 45.00 | 304.00 | 349.00 | OK | |
r-oldrel-macos-arm64 | 1.1.0 | 158.00 | NOTE | |||
r-oldrel-macos-x86_64 | 1.1.0 | 232.00 | NOTE | |||
r-oldrel-windows-x86_64 | 1.1.0 | 58.00 | 554.00 | 612.00 | NOTE |
Version: 1.1.0
Check: CRAN incoming feasibility
Result: NOTE
Maintainer: ‘Sean Wen <sean.wenwx@gmail.com>’
No Authors@R field in DESCRIPTION.
Please add one, modifying
Authors@R: person(given = "Sean",
family = "Wen",
role = c("aut", "cre"),
email = "sean.wenwx@gmail.com")
as necessary.
Flavors: r-devel-linux-x86_64-debian-clang, r-devel-linux-x86_64-debian-gcc
Version: 1.1.0
Check: installed package size
Result: NOTE
installed size is 9.4Mb
sub-directories of 1Mb or more:
extdata 8.7Mb
Flavors: r-oldrel-macos-arm64, r-oldrel-macos-x86_64, r-oldrel-windows-x86_64
These binaries (installable software) and packages are in development.
They may not be fully stable and should be used with caution. We make no claims about them.