Last updated on 2025-02-16 10:51:02 CET.
Flavor | Version | Tinstall | Tcheck | Ttotal | Status | Flags |
---|---|---|---|---|---|---|
r-devel-linux-x86_64-debian-clang | 1.1.0 | 43.92 | 358.37 | 402.29 | OK | |
r-devel-linux-x86_64-debian-gcc | 1.1.0 | 29.82 | 267.15 | 296.97 | OK | |
r-devel-linux-x86_64-fedora-clang | 1.1.0 | 702.10 | OK | |||
r-devel-linux-x86_64-fedora-gcc | 1.1.0 | 664.14 | OK | |||
r-devel-macos-arm64 | 1.1.0 | 166.00 | OK | |||
r-devel-macos-x86_64 | 1.1.0 | 297.00 | OK | |||
r-devel-windows-x86_64 | 1.1.0 | 40.00 | 299.00 | 339.00 | OK | |
r-patched-linux-x86_64 | 1.1.0 | 39.25 | 326.46 | 365.71 | OK | |
r-release-linux-x86_64 | 1.1.0 | 40.63 | 333.18 | 373.81 | OK | |
r-release-macos-arm64 | 1.1.0 | 158.00 | NOTE | |||
r-release-macos-x86_64 | 1.1.0 | 232.00 | NOTE | |||
r-release-windows-x86_64 | 1.1.0 | 42.00 | 294.00 | 336.00 | NOTE | |
r-oldrel-macos-arm64 | 1.1.0 | 161.00 | NOTE | |||
r-oldrel-macos-x86_64 | 1.1.0 | 268.00 | NOTE | |||
r-oldrel-windows-x86_64 | 1.1.0 | 58.00 | 373.00 | 431.00 | NOTE |
Version: 1.1.0
Check: installed package size
Result: NOTE
installed size is 9.4Mb
sub-directories of 1Mb or more:
extdata 8.7Mb
Flavors: r-release-macos-arm64, r-release-macos-x86_64, r-release-windows-x86_64, r-oldrel-macos-arm64, r-oldrel-macos-x86_64, r-oldrel-windows-x86_64
These binaries (installable software) and packages are in development.
They may not be fully stable and should be used with caution. We make no claims about them.