Last updated on 2025-05-01 17:56:19 CEST.
Flavor | Version | Tinstall | Tcheck | Ttotal | Status | Flags |
---|---|---|---|---|---|---|
r-devel-linux-x86_64-debian-clang | 0.1.0 | 3.78 | 33.11 | 36.89 | NOTE | |
r-devel-linux-x86_64-debian-gcc | 0.1.0 | 2.77 | 24.96 | 27.73 | NOTE | |
r-devel-linux-x86_64-fedora-clang | 0.1.0 | 57.20 | OK | |||
r-devel-linux-x86_64-fedora-gcc | 0.1.0 | 52.15 | OK | |||
r-devel-windows-x86_64 | 0.1.0 | 5.00 | 52.00 | 57.00 | OK | |
r-patched-linux-x86_64 | 0.1.0 | 3.90 | 30.61 | 34.51 | OK | |
r-release-linux-x86_64 | OK | |||||
r-release-macos-arm64 | 0.1.0 | 21.00 | OK | |||
r-release-macos-x86_64 | 0.1.0 | 34.00 | OK | |||
r-release-windows-x86_64 | 0.1.0 | 5.00 | 54.00 | 59.00 | OK | |
r-oldrel-macos-arm64 | 0.1.0 | 20.00 | OK | |||
r-oldrel-macos-x86_64 | 0.1.0 | 29.00 | OK | |||
r-oldrel-windows-x86_64 | 0.1.0 | 6.00 | 57.00 | 63.00 | OK |
Version: 0.1.0
Check: CRAN incoming feasibility
Result: NOTE
Maintainer: ‘Benjamin Hivert <benjamin.hivert@u-bordeaux.fr>’
No Authors@R field in DESCRIPTION.
Please add one, modifying
Authors@R: person(given = "Benjamin",
family = "Hivert",
role = c("aut", "cre"),
email = "benjamin.hivert@u-bordeaux.fr")
as necessary.
The Description field contains
practical considerations", <arXiv:2210.13172>.
Please refer to arXiv e-prints via their arXiv DOI <doi:10.48550/arXiv.YYMM.NNNNN>.
Flavors: r-devel-linux-x86_64-debian-clang, r-devel-linux-x86_64-debian-gcc
These binaries (installable software) and packages are in development.
They may not be fully stable and should be used with caution. We make no claims about them.