CRAN Package Check Results for Package VARDetect

Last updated on 2025-02-02 14:48:37 CET.

Flavor Version Tinstall Tcheck Ttotal Status Flags
r-devel-linux-x86_64-debian-clang 0.1.8 41.98 75.96 117.94 OK
r-devel-linux-x86_64-debian-gcc 0.1.8 27.85 51.51 79.36 OK
r-devel-linux-x86_64-fedora-clang 0.1.8 207.62 OK
r-devel-linux-x86_64-fedora-gcc 0.1.8 195.06 OK
r-devel-windows-x86_64 0.1.8 41.00 115.00 156.00 OK
r-patched-linux-x86_64 0.1.8 44.02 69.56 113.58 OK
r-release-linux-x86_64 0.1.8 39.34 68.48 107.82 OK
r-release-macos-arm64 0.1.8 53.00 NOTE
r-release-macos-x86_64 0.1.8 149.00 NOTE
r-release-windows-x86_64 0.1.8 40.00 120.00 160.00 OK
r-oldrel-macos-arm64 0.1.8 61.00 NOTE
r-oldrel-macos-x86_64 0.1.8 119.00 NOTE
r-oldrel-windows-x86_64 0.1.8 46.00 142.00 188.00 OK

Check Details

Version: 0.1.8
Check: installed package size
Result: NOTE installed size is 5.2Mb sub-directories of 1Mb or more: libs 4.1Mb Flavors: r-release-macos-arm64, r-release-macos-x86_64, r-oldrel-macos-arm64, r-oldrel-macos-x86_64

These binaries (installable software) and packages are in development.
They may not be fully stable and should be used with caution. We make no claims about them.