Last updated on 2025-02-19 16:51:08 CET.
Flavor | Version | Tinstall | Tcheck | Ttotal | Status | Flags |
---|---|---|---|---|---|---|
r-devel-linux-x86_64-debian-clang | 2.4.9 | 11.20 | 57.10 | 68.30 | OK | |
r-devel-linux-x86_64-debian-gcc | 2.4.9 | 8.33 | 40.89 | 49.22 | OK | |
r-devel-linux-x86_64-fedora-clang | 2.4.9 | 109.70 | OK | |||
r-devel-linux-x86_64-fedora-gcc | 2.4.9 | 104.40 | OK | |||
r-devel-macos-arm64 | 2.4.9 | 36.00 | OK | |||
r-devel-macos-x86_64 | 2.4.9 | 67.00 | OK | |||
r-devel-windows-x86_64 | 2.4.9 | 18.00 | 83.00 | 101.00 | OK | |
r-patched-linux-x86_64 | 2.4.9 | 10.40 | 52.45 | 62.85 | OK | |
r-release-linux-x86_64 | 2.4.9 | 9.31 | 52.50 | 61.81 | OK | |
r-release-macos-arm64 | 2.4.9 | 49.00 | OK | |||
r-release-macos-x86_64 | 2.4.9 | 69.00 | OK | |||
r-release-windows-x86_64 | 2.4.9 | 16.00 | 3.00 | 19.00 | FAIL | |
r-oldrel-macos-arm64 | 2.4.9 | 53.00 | OK | |||
r-oldrel-macos-x86_64 | 2.4.9 | 83.00 | OK | |||
r-oldrel-windows-x86_64 | 2.4.9 | 18.00 | 147.00 | 165.00 | OK |
Version: 2.4.9
Check: package dependencies
Result: FAIL
Flavor: r-release-windows-x86_64
These binaries (installable software) and packages are in development.
They may not be fully stable and should be used with caution. We make no claims about them.