Last updated on 2025-11-16 03:50:17 CET.
| Flavor | Version | Tinstall | Tcheck | Ttotal | Status | Flags |
|---|---|---|---|---|---|---|
| r-devel-linux-x86_64-debian-clang | 1.1.6 | 40.34 | 27.09 | 67.43 | OK | |
| r-devel-linux-x86_64-debian-gcc | 1.1.6 | 27.74 | 24.49 | 52.23 | OK | |
| r-devel-linux-x86_64-fedora-clang | 1.1.6 | 82.00 | 30.26 | 112.26 | OK | |
| r-devel-linux-x86_64-fedora-gcc | 1.1.6 | 51.00 | 65.37 | 116.37 | OK | |
| r-devel-windows-x86_64 | 1.1.6 | 48.00 | 65.00 | 113.00 | OK | |
| r-patched-linux-x86_64 | 1.1.6 | 41.36 | 29.55 | 70.91 | OK | |
| r-release-linux-x86_64 | 1.1.6 | 41.36 | 29.78 | 71.14 | OK | |
| r-release-macos-arm64 | 1.1.6 | 18.00 | 18.00 | 36.00 | OK | |
| r-release-macos-x86_64 | 1.1.6 | 52.00 | 59.00 | 111.00 | OK | |
| r-release-windows-x86_64 | 1.1.6 | 41.00 | 64.00 | 105.00 | OK | |
| r-oldrel-macos-arm64 | 1.1.6 | 18.00 | 23.00 | 41.00 | NOTE | |
| r-oldrel-macos-x86_64 | 1.1.6 | 49.00 | 54.00 | 103.00 | NOTE | |
| r-oldrel-windows-x86_64 | 1.1.6 | 51.00 | 80.00 | 131.00 | OK |
Version: 1.1.6
Check: installed package size
Result: NOTE
installed size is 15.1Mb
sub-directories of 1Mb or more:
libs 15.0Mb
Flavors: r-oldrel-macos-arm64, r-oldrel-macos-x86_64
These binaries (installable software) and packages are in development.
They may not be fully stable and should be used with caution. We make no claims about them.