Last updated on 2024-07-27 15:50:37 CEST.
Flavor | Version | Tinstall | Tcheck | Ttotal | Status | Flags |
---|---|---|---|---|---|---|
r-devel-linux-x86_64-debian-clang | 1.5.1 | 18.12 | 374.41 | 392.53 | OK | |
r-devel-linux-x86_64-debian-gcc | 1.5.1 | NOTE | ||||
r-devel-linux-x86_64-fedora-clang | 1.5.1 | 478.97 | OK | |||
r-devel-linux-x86_64-fedora-gcc | 1.5.1 | 470.40 | OK | |||
r-devel-windows-x86_64 | 1.5.1 | 19.00 | 311.00 | 330.00 | NOTE | |
r-patched-linux-x86_64 | 1.5.1 | OK | ||||
r-release-linux-x86_64 | 1.5.1 | 18.52 | 360.66 | 379.18 | OK | |
r-release-macos-arm64 | 1.5.1 | 157.00 | OK | |||
r-release-macos-x86_64 | 1.5.1 | 238.00 | OK | |||
r-release-windows-x86_64 | 1.5.1 | 19.00 | 314.00 | 333.00 | OK | |
r-oldrel-macos-arm64 | 1.5.1 | 163.00 | OK | |||
r-oldrel-macos-x86_64 | 1.5.1 | 356.00 | OK | |||
r-oldrel-windows-x86_64 | 1.5.1 | 26.00 | 398.00 | 424.00 | OK |
Version: 1.5.1
Check: Rd cross-references
Result: NOTE
Found the following Rd file(s) with Rd \link{} targets missing package
anchors:
lmerMatrices.Rd: lmer
lmerSummary.Rd: lmer
remlMM.Rd: lmer
remlVCA.Rd: lmer
Please provide package anchors for all Rd \link{} targets not in the
package itself and the base packages.
Flavors: r-devel-linux-x86_64-debian-gcc, r-devel-windows-x86_64
These binaries (installable software) and packages are in development.
They may not be fully stable and should be used with caution. We make no claims about them.