Last updated on 2025-11-12 18:50:50 CET.
| Flavor | Version | Tinstall | Tcheck | Ttotal | Status | Flags |
|---|---|---|---|---|---|---|
| r-devel-linux-x86_64-debian-clang | 2.0.0 | 11.43 | 96.86 | 108.29 | NOTE | |
| r-devel-linux-x86_64-debian-gcc | 2.0.0 | 8.32 | 68.69 | 77.01 | NOTE | |
| r-devel-linux-x86_64-fedora-clang | 2.0.0 | 25.00 | 144.87 | 169.87 | OK | |
| r-devel-linux-x86_64-fedora-gcc | 2.0.0 | 24.00 | 136.61 | 160.61 | OK | |
| r-devel-windows-x86_64 | 2.0.0 | 13.00 | 99.00 | 112.00 | OK | |
| r-patched-linux-x86_64 | 2.0.0 | 12.52 | 92.32 | 104.84 | OK | |
| r-release-linux-x86_64 | 2.0.0 | 10.60 | 91.21 | 101.81 | OK | |
| r-release-macos-arm64 | 2.0.0 | 4.00 | 34.00 | 38.00 | OK | |
| r-release-macos-x86_64 | 2.0.0 | 10.00 | 66.00 | 76.00 | OK | |
| r-release-windows-x86_64 | 2.0.0 | 13.00 | 97.00 | 110.00 | OK | |
| r-oldrel-macos-arm64 | 2.0.0 | 5.00 | 36.00 | 41.00 | NOTE | |
| r-oldrel-macos-x86_64 | 2.0.0 | 7.00 | 52.00 | 59.00 | NOTE | |
| r-oldrel-windows-x86_64 | 2.0.0 | 19.00 | 127.00 | 146.00 | NOTE |
Version: 2.0.0
Check: CRAN incoming feasibility
Result: NOTE
Maintainer: ‘Cody Moore <Jumper9400@gmail.com>’
No Authors@R field in DESCRIPTION.
Please add one, modifying
Authors@R: person(given = "Cody",
family = "Moore",
role = c("aut", "cre"),
email = "jumper9400@gmail.com")
as necessary.
Flavors: r-devel-linux-x86_64-debian-clang, r-devel-linux-x86_64-debian-gcc
Version: 2.0.0
Check: LazyData
Result: NOTE
'LazyData' is specified without a 'data' directory
Flavors: r-oldrel-macos-arm64, r-oldrel-macos-x86_64, r-oldrel-windows-x86_64
These binaries (installable software) and packages are in development.
They may not be fully stable and should be used with caution. We make no claims about them.