Last updated on 2025-11-11 17:50:17 CET.
| Flavor | Version | Tinstall | Tcheck | Ttotal | Status | Flags |
|---|---|---|---|---|---|---|
| r-devel-linux-x86_64-debian-clang | 1.0 | 2.11 | 20.76 | 22.87 | NOTE | |
| r-devel-linux-x86_64-debian-gcc | 1.0 | 1.52 | 16.23 | 17.75 | NOTE | |
| r-devel-linux-x86_64-fedora-clang | 1.0 | 33.26 | OK | |||
| r-devel-linux-x86_64-fedora-gcc | 1.0 | 31.82 | OK | |||
| r-devel-windows-x86_64 | 1.0 | 4.00 | 36.00 | 40.00 | OK | |
| r-patched-linux-x86_64 | 1.0 | 2.07 | 19.84 | 21.91 | OK | |
| r-release-linux-x86_64 | 1.0 | 2.02 | 19.99 | 22.01 | OK | |
| r-release-macos-arm64 | 1.0 | 1.00 | 15.00 | 16.00 | OK | |
| r-release-macos-x86_64 | 1.0 | 2.00 | 26.00 | 28.00 | OK | |
| r-release-windows-x86_64 | 1.0 | 3.00 | 36.00 | 39.00 | OK | |
| r-oldrel-macos-arm64 | 1.0 | 1.00 | 12.00 | 13.00 | OK | |
| r-oldrel-macos-x86_64 | 1.0 | 3.00 | 22.00 | 25.00 | OK | |
| r-oldrel-windows-x86_64 | 1.0 | 3.00 | 36.00 | 39.00 | OK |
Version: 1.0
Check: CRAN incoming feasibility
Result: NOTE
Maintainer: ‘Lu Tian <lutian@stanford.edu>’
No Authors@R field in DESCRIPTION.
Please add one, modifying
Authors@R: c(person(given = "Ramon",
family = "Durazo-Arvizu",
role = "aut"),
person(given = "Chris",
family = "Sempos",
role = "aut"),
person(given = "Lu",
family = "Tian",
role = c("aut", "cre"),
email = "lutian@stanford.edu"))
as necessary.
Flavors: r-devel-linux-x86_64-debian-clang, r-devel-linux-x86_64-debian-gcc
These binaries (installable software) and packages are in development.
They may not be fully stable and should be used with caution. We make no claims about them.