Last updated on 2025-10-03 07:50:00 CEST.
Flavor | Version | Tinstall | Tcheck | Ttotal | Status | Flags |
---|---|---|---|---|---|---|
r-devel-linux-x86_64-debian-clang | 1.4 | 87.88 | 95.22 | 183.10 | OK | |
r-devel-linux-x86_64-debian-gcc | 1.4 | 54.60 | 68.09 | 122.69 | OK | |
r-devel-linux-x86_64-fedora-clang | 1.4 | 339.96 | OK | |||
r-devel-linux-x86_64-fedora-gcc | 1.4 | 297.84 | OK | |||
r-devel-windows-x86_64 | 1.4 | 105.00 | 112.00 | 217.00 | OK | |
r-patched-linux-x86_64 | 1.4 | 88.74 | 90.06 | 178.80 | OK | |
r-release-linux-x86_64 | 1.4 | 87.97 | 90.90 | 178.87 | OK | |
r-release-macos-arm64 | 1.4 | 62.00 | OK | |||
r-release-macos-x86_64 | 1.4 | 107.00 | OK | |||
r-release-windows-x86_64 | 1.4 | 104.00 | 117.00 | 221.00 | OK | |
r-oldrel-macos-arm64 | 1.4 | 69.00 | NOTE | |||
r-oldrel-macos-x86_64 | 1.4 | 85.00 | NOTE | |||
r-oldrel-windows-x86_64 | 1.4 | 123.00 | 141.00 | 264.00 | OK |
Version: 1.4
Check: installed package size
Result: NOTE
installed size is 5.0Mb
sub-directories of 1Mb or more:
libs 4.3Mb
Flavors: r-oldrel-macos-arm64, r-oldrel-macos-x86_64
These binaries (installable software) and packages are in development.
They may not be fully stable and should be used with caution. We make no claims about them.