Last updated on 2024-07-27 15:50:37 CEST.
Flavor | Version | Tinstall | Tcheck | Ttotal | Status | Flags |
---|---|---|---|---|---|---|
r-devel-linux-x86_64-debian-clang | 0.0-6 | 16.96 | 154.37 | 171.33 | OK | |
r-devel-linux-x86_64-debian-gcc | 0.0-6 | NOTE | ||||
r-devel-linux-x86_64-fedora-clang | 0.0-6 | 203.81 | OK | |||
r-devel-linux-x86_64-fedora-gcc | 0.0-6 | 192.20 | OK | |||
r-devel-windows-x86_64 | 0.0-6 | 16.00 | 139.00 | 155.00 | NOTE | |
r-patched-linux-x86_64 | 0.0-6 | OK | ||||
r-release-linux-x86_64 | 0.0-6 | 13.62 | 138.76 | 152.38 | OK | |
r-release-macos-arm64 | 0.0-6 | 46.00 | OK | |||
r-release-macos-x86_64 | 0.0-6 | 80.00 | OK | |||
r-release-windows-x86_64 | 0.0-6 | 13.00 | 136.00 | 149.00 | OK | |
r-oldrel-macos-arm64 | 0.0-6 | 62.00 | OK | |||
r-oldrel-macos-x86_64 | 0.0-6 | 150.00 | OK | |||
r-oldrel-windows-x86_64 | 0.0-6 | 16.00 | 163.00 | 179.00 | OK |
Version: 0.0-6
Check: Rd cross-references
Result: NOTE
Found the following Rd file(s) with Rd \link{} targets missing package
anchors:
gen.betaIImr.Rd: Links, CommonVGAMffArguments, vglmff-class, vglm,
vgam, betaff, betaII, dagum, sinmad, fisk, lomax, inv.lomax,
paralogistic, inv.paralogistic
invgamma2mr.Rd: CommonVGAMffArguments, vglmff-class, vglm, vgam
invweibull2mr.Rd: CommonVGAMffArguments
trunclognormalff.Rd: vglmff-class, vglm, vgam
truncnormalff.Rd: vglmff-class, vglm, vgam
Please provide package anchors for all Rd \link{} targets not in the
package itself and the base packages.
Flavors: r-devel-linux-x86_64-debian-gcc, r-devel-windows-x86_64
These binaries (installable software) and packages are in development.
They may not be fully stable and should be used with caution. We make no claims about them.