Last updated on 2025-11-12 11:51:31 CET.
| Flavor | Version | Tinstall | Tcheck | Ttotal | Status | Flags |
|---|---|---|---|---|---|---|
| r-devel-linux-x86_64-debian-clang | 6.2.6 | 29.77 | 197.49 | 227.26 | OK | |
| r-devel-linux-x86_64-debian-gcc | 6.2.6 | 19.41 | 144.29 | 163.70 | OK | |
| r-devel-linux-x86_64-fedora-clang | 6.2.6 | 152.00 | 211.01 | 363.01 | OK | |
| r-devel-linux-x86_64-fedora-gcc | 6.2.6 | 60.00 | 306.05 | 366.05 | OK | |
| r-devel-windows-x86_64 | 6.2.6 | 34.00 | 205.00 | 239.00 | OK | |
| r-patched-linux-x86_64 | 6.2.6 | 31.41 | 189.34 | 220.75 | OK | |
| r-release-linux-x86_64 | 6.2.6 | 27.48 | 191.49 | 218.97 | OK | |
| r-release-macos-arm64 | 6.2.6 | 13.00 | 103.00 | 116.00 | OK | |
| r-release-macos-x86_64 | 6.2.6 | 25.00 | 154.00 | 179.00 | OK | |
| r-release-windows-x86_64 | 6.2.6 | 33.00 | 201.00 | 234.00 | OK | |
| r-oldrel-macos-arm64 | 6.2.6 | 13.00 | 109.00 | 122.00 | NOTE | |
| r-oldrel-macos-x86_64 | 6.2.6 | 22.00 | 185.00 | 207.00 | NOTE | |
| r-oldrel-windows-x86_64 | 6.2.6 | 46.00 | 266.00 | 312.00 | NOTE |
Version: 6.2.6
Check: installed package size
Result: NOTE
installed size is 5.3Mb
sub-directories of 1Mb or more:
doc 2.7Mb
libs 1.1Mb
Flavors: r-oldrel-macos-arm64, r-oldrel-macos-x86_64, r-oldrel-windows-x86_64
These binaries (installable software) and packages are in development.
They may not be fully stable and should be used with caution. We make no claims about them.