CRAN Package Check Results for Package VIMean

Last updated on 2025-10-09 17:50:57 CEST.

Flavor Version Tinstall Tcheck Ttotal Status Flags
r-devel-linux-x86_64-debian-clang 0.1.0 1.40 17.49 18.89 NOTE
r-devel-linux-x86_64-debian-gcc 0.1.0 1.37 14.75 16.12 NOTE
r-devel-linux-x86_64-fedora-clang 0.1.0 28.80 OK
r-devel-linux-x86_64-fedora-gcc 0.1.0 26.45 OK
r-devel-windows-x86_64 0.1.0 2.00 34.00 36.00 OK
r-patched-linux-x86_64 0.1.0 1.40 16.46 17.86 OK
r-release-linux-x86_64 0.1.0 1.30 16.75 18.05 OK
r-release-macos-arm64 0.1.0 14.00 OK
r-release-macos-x86_64 0.1.0 21.00 OK
r-release-windows-x86_64 0.1.0 3.00 36.00 39.00 OK
r-oldrel-macos-arm64 0.1.0 14.00 OK
r-oldrel-macos-x86_64 0.1.0 19.00 OK
r-oldrel-windows-x86_64 0.1.0 2.00 34.00 36.00 OK

Check Details

Version: 0.1.0
Check: CRAN incoming feasibility
Result: NOTE Maintainer: ‘Zhicheng Du <dgdzc@hotmail.com>’ No Authors@R field in DESCRIPTION. Please add one, modifying Authors@R: person(given = "Zhicheng", family = "Du", role = c("aut", "cre"), email = "dgdzc@hotmail.com") as necessary. Flavors: r-devel-linux-x86_64-debian-clang, r-devel-linux-x86_64-debian-gcc

These binaries (installable software) and packages are in development.
They may not be fully stable and should be used with caution. We make no claims about them.