CRAN Package Check Results for Package VMDecomp

Last updated on 2025-05-01 08:52:49 CEST.

Flavor Version Tinstall Tcheck Ttotal Status Flags
r-devel-linux-x86_64-debian-clang 1.0.1 30.27 78.19 108.46 NOTE
r-devel-linux-x86_64-debian-gcc 1.0.1 22.49 47.13 69.62 NOTE
r-devel-linux-x86_64-fedora-clang 1.0.1 142.90 NOTE
r-devel-linux-x86_64-fedora-gcc 1.0.1 157.38 NOTE
r-devel-windows-x86_64 1.0.1 37.00 83.00 120.00 NOTE
r-patched-linux-x86_64 1.0.1 29.97 56.60 86.57 NOTE
r-release-linux-x86_64 NOTE
r-release-macos-arm64 1.0.1 57.00 NOTE
r-release-macos-x86_64 1.0.1 85.00 NOTE
r-release-windows-x86_64 1.0.1 37.00 86.00 123.00 NOTE
r-oldrel-macos-arm64 1.0.1 44.00 NOTE
r-oldrel-macos-x86_64 1.0.1 60.00 NOTE
r-oldrel-windows-x86_64 1.0.1 42.00 99.00 141.00 NOTE

Check Details

Version: 1.0.1
Check: C++ specification
Result: NOTE Specified C++11: please drop specification unless essential Flavors: r-devel-linux-x86_64-debian-clang, r-devel-linux-x86_64-debian-gcc, r-devel-linux-x86_64-fedora-clang, r-devel-linux-x86_64-fedora-gcc, r-devel-windows-x86_64, r-patched-linux-x86_64, r-release-linux-x86_64, r-release-macos-arm64, r-release-macos-x86_64, r-release-windows-x86_64, r-oldrel-macos-arm64, r-oldrel-macos-x86_64, r-oldrel-windows-x86_64

Version: 1.0.1
Check: examples
Result: NOTE Examples with CPU time > 2.5 times elapsed time user system elapsed ratio vmd 1.114 0.05 0.461 2.525 Flavor: r-devel-linux-x86_64-debian-clang

Version: 1.0.1
Check: installed package size
Result: NOTE installed size is 5.2Mb sub-directories of 1Mb or more: libs 3.6Mb Flavors: r-oldrel-macos-arm64, r-oldrel-macos-x86_64

These binaries (installable software) and packages are in development.
They may not be fully stable and should be used with caution. We make no claims about them.