Last updated on 2024-07-27 15:50:37 CEST.
Flavor | Version | Tinstall | Tcheck | Ttotal | Status | Flags |
---|---|---|---|---|---|---|
r-devel-linux-x86_64-debian-clang | 1.0.1 | 42.13 | 57.54 | 99.67 | NOTE | |
r-devel-linux-x86_64-debian-gcc | 1.0.1 | NOTE | ||||
r-devel-linux-x86_64-fedora-clang | 1.0.1 | 170.51 | NOTE | |||
r-devel-linux-x86_64-fedora-gcc | 1.0.1 | 159.69 | NOTE | |||
r-devel-windows-x86_64 | 1.0.1 | 34.00 | 82.00 | 116.00 | NOTE | |
r-patched-linux-x86_64 | 1.0.1 | NOTE | ||||
r-release-linux-x86_64 | 1.0.1 | 34.30 | 82.21 | 116.51 | NOTE | |
r-release-macos-arm64 | 1.0.1 | 44.00 | NOTE | |||
r-release-macos-x86_64 | 1.0.1 | 60.00 | NOTE | |||
r-release-windows-x86_64 | 1.0.1 | 38.00 | 76.00 | 114.00 | NOTE | |
r-oldrel-macos-arm64 | 1.0.1 | 46.00 | NOTE | |||
r-oldrel-macos-x86_64 | 1.0.1 | 77.00 | NOTE | |||
r-oldrel-windows-x86_64 | 1.0.1 | 40.00 | 95.00 | 135.00 | NOTE |
Version: 1.0.1
Check: C++ specification
Result: NOTE
Specified C++11: please drop specification unless essential
Flavors: r-devel-linux-x86_64-debian-clang, r-devel-linux-x86_64-debian-gcc, r-devel-linux-x86_64-fedora-clang, r-devel-linux-x86_64-fedora-gcc, r-devel-windows-x86_64, r-patched-linux-x86_64, r-release-linux-x86_64, r-release-macos-arm64, r-release-macos-x86_64, r-release-windows-x86_64, r-oldrel-macos-arm64, r-oldrel-macos-x86_64, r-oldrel-windows-x86_64
Version: 1.0.1
Check: installed package size
Result: NOTE
installed size is 5.2Mb
sub-directories of 1Mb or more:
libs 3.6Mb
Flavors: r-release-macos-arm64, r-release-macos-x86_64, r-oldrel-macos-arm64, r-oldrel-macos-x86_64
These binaries (installable software) and packages are in development.
They may not be fully stable and should be used with caution. We make no claims about them.