Last updated on 2025-11-11 15:50:51 CET.
| Flavor | Version | Tinstall | Tcheck | Ttotal | Status | Flags |
|---|---|---|---|---|---|---|
| r-devel-linux-x86_64-debian-clang | 1.0.2 | 31.54 | 72.15 | 103.69 | OK | |
| r-devel-linux-x86_64-debian-gcc | 1.0.2 | 21.44 | 42.52 | 63.96 | OK | |
| r-devel-linux-x86_64-fedora-clang | 1.0.2 | 74.00 | 71.16 | 145.16 | OK | |
| r-devel-linux-x86_64-fedora-gcc | 1.0.2 | 77.00 | 80.36 | 157.36 | OK | |
| r-devel-windows-x86_64 | 1.0.2 | 55.00 | 83.00 | 138.00 | OK | |
| r-patched-linux-x86_64 | 1.0.2 | 32.11 | 55.59 | 87.70 | OK | |
| r-release-linux-x86_64 | 1.0.2 | 31.15 | 60.24 | 91.39 | OK | |
| r-release-macos-arm64 | 1.0.2 | 13.00 | 32.00 | 45.00 | OK | |
| r-release-macos-x86_64 | 1.0.2 | 29.00 | 72.00 | 101.00 | OK | |
| r-release-windows-x86_64 | 1.0.2 | 37.00 | 75.00 | 112.00 | OK | |
| r-oldrel-macos-arm64 | 1.0.2 | 12.00 | 38.00 | 50.00 | NOTE | |
| r-oldrel-macos-x86_64 | 1.0.2 | 24.00 | 60.00 | 84.00 | NOTE | |
| r-oldrel-windows-x86_64 | 1.0.2 | 45.00 | 99.00 | 144.00 | OK |
Version: 1.0.2
Check: installed package size
Result: NOTE
installed size is 5.2Mb
sub-directories of 1Mb or more:
libs 3.7Mb
Flavors: r-oldrel-macos-arm64, r-oldrel-macos-x86_64
These binaries (installable software) and packages are in development.
They may not be fully stable and should be used with caution. We make no claims about them.