CRAN Package Check Results for Package VarRedOpt

Last updated on 2025-02-16 10:51:02 CET.

Flavor Version Tinstall Tcheck Ttotal Status Flags
r-devel-linux-x86_64-debian-clang 0.1.0 1.83 25.19 27.02 OK
r-devel-linux-x86_64-debian-gcc 0.1.0 1.39 20.04 21.43 OK
r-devel-linux-x86_64-fedora-clang 0.1.0 47.03 OK
r-devel-linux-x86_64-fedora-gcc 0.1.0 45.10 OK
r-devel-macos-arm64 0.1.0 19.00 OK
r-devel-macos-x86_64 0.1.0 35.00 OK
r-devel-windows-x86_64 0.1.0 3.00 54.00 57.00 OK
r-patched-linux-x86_64 0.1.0 1.87 24.83 26.70 NOTE
r-release-linux-x86_64 0.1.0 1.86 25.05 26.91 NOTE
r-release-macos-arm64 0.1.0 18.00 NOTE
r-release-macos-x86_64 0.1.0 27.00 NOTE
r-release-windows-x86_64 0.1.0 2.00 53.00 55.00 NOTE
r-oldrel-macos-arm64 0.1.0 19.00 NOTE
r-oldrel-macos-x86_64 0.1.0 29.00 NOTE
r-oldrel-windows-x86_64 0.1.0 3.00 59.00 62.00 NOTE

Check Details

Version: 0.1.0
Check: LazyData
Result: NOTE 'LazyData' is specified without a 'data' directory Flavors: r-patched-linux-x86_64, r-release-linux-x86_64, r-release-macos-arm64, r-release-macos-x86_64, r-release-windows-x86_64, r-oldrel-macos-arm64, r-oldrel-macos-x86_64, r-oldrel-windows-x86_64

These binaries (installable software) and packages are in development.
They may not be fully stable and should be used with caution. We make no claims about them.