Last updated on 2025-02-16 10:51:02 CET.
Flavor | Version | Tinstall | Tcheck | Ttotal | Status | Flags |
---|---|---|---|---|---|---|
r-devel-linux-x86_64-debian-clang | 0.2.1 | 7.27 | 68.51 | 75.78 | NOTE | |
r-devel-linux-x86_64-debian-gcc | 0.2.1 | 4.95 | 52.08 | 57.03 | NOTE | |
r-devel-linux-x86_64-fedora-clang | 0.2.1 | 127.39 | NOTE | |||
r-devel-linux-x86_64-fedora-gcc | 0.2.1 | 117.77 | NOTE | |||
r-devel-macos-arm64 | 0.2.1 | 40.00 | NOTE | |||
r-devel-macos-x86_64 | 0.2.1 | 75.00 | NOTE | |||
r-devel-windows-x86_64 | 0.2.1 | 8.00 | 80.00 | 88.00 | NOTE | |
r-patched-linux-x86_64 | 0.2.1 | 7.03 | 65.94 | 72.97 | NOTE | |
r-release-linux-x86_64 | 0.2.1 | 6.72 | 65.80 | 72.52 | NOTE | |
r-release-macos-arm64 | 0.2.1 | 38.00 | NOTE | |||
r-release-macos-x86_64 | 0.2.1 | 55.00 | NOTE | |||
r-release-windows-x86_64 | 0.2.1 | 8.00 | 94.00 | 102.00 | NOTE | |
r-oldrel-macos-arm64 | 0.2.1 | 39.00 | OK | |||
r-oldrel-macos-x86_64 | 0.2.1 | 65.00 | OK | |||
r-oldrel-windows-x86_64 | 0.2.1 | 10.00 | 91.00 | 101.00 | OK |
Version: 0.2.1
Check: Rd files
Result: NOTE
checkRd: (-1) simulateDCSIS.Rd:40: Lost braces
40 | Y = 6*X1 + 1.5*X2 + 9*1{X12 < 0} + exp(2*X22)*e
| ^
checkRd: (-1) simulateDCSIS.Rd:42: Lost braces
42 | Y = 6*X1 + 1.5*X2 + 9*1{X12 < 0} + 6*X22 + e
| ^
Flavors: r-devel-linux-x86_64-debian-clang, r-devel-linux-x86_64-debian-gcc, r-devel-linux-x86_64-fedora-clang, r-devel-linux-x86_64-fedora-gcc, r-devel-macos-arm64, r-devel-macos-x86_64, r-devel-windows-x86_64, r-patched-linux-x86_64, r-release-linux-x86_64, r-release-macos-arm64, r-release-macos-x86_64, r-release-windows-x86_64
These binaries (installable software) and packages are in development.
They may not be fully stable and should be used with caution. We make no claims about them.