CRAN Package Check Results for Package VarianceGamma

Last updated on 2025-10-03 05:53:57 CEST.

Flavor Version Tinstall Tcheck Ttotal Status Flags
r-devel-linux-x86_64-debian-clang 0.4-2 4.09 38.12 42.21 NOTE
r-devel-linux-x86_64-debian-gcc 0.4-2 2.68 28.37 31.05 NOTE
r-devel-linux-x86_64-fedora-clang 0.4-2 65.56 OK
r-devel-linux-x86_64-fedora-gcc 0.4-2 62.88 OK
r-devel-windows-x86_64 0.4-2 6.00 56.00 62.00 OK
r-patched-linux-x86_64 0.4-2 4.51 35.99 40.50 OK
r-release-linux-x86_64 0.4-2 3.99 36.82 40.81 OK
r-release-macos-arm64 0.4-2 22.00 OK
r-release-macos-x86_64 0.4-2 39.00 OK
r-release-windows-x86_64 0.4-2 5.00 56.00 61.00 OK
r-oldrel-macos-arm64 0.4-2 21.00 OK
r-oldrel-macos-x86_64 0.4-2 31.00 OK
r-oldrel-windows-x86_64 0.4-2 7.00 64.00 71.00 OK

Check Details

Version: 0.4-2
Check: CRAN incoming feasibility
Result: NOTE Maintainer: ‘David Scott <d.scott@auckland.ac.nz>’ No Authors@R field in DESCRIPTION. Please add one, modifying Authors@R: c(person(given = "David", family = "Scott", role = c("aut", "cre"), email = "d.scott@auckland.ac.nz"), person(given = c("Christine", "Yang"), family = "Dong", role = "aut", email = "c.dong@auckland.ac.nz")) as necessary. Flavors: r-devel-linux-x86_64-debian-clang, r-devel-linux-x86_64-debian-gcc

These binaries (installable software) and packages are in development.
They may not be fully stable and should be used with caution. We make no claims about them.