Last updated on 2025-10-09 17:50:57 CEST.
Flavor | Version | Tinstall | Tcheck | Ttotal | Status | Flags |
---|---|---|---|---|---|---|
r-devel-linux-x86_64-debian-clang | 1.7.3 | 6.53 | 53.97 | 60.50 | NOTE | |
r-devel-linux-x86_64-debian-gcc | 1.7.3 | 4.88 | 37.31 | 42.19 | NOTE | |
r-devel-linux-x86_64-fedora-clang | 1.7.3 | 96.42 | OK | |||
r-devel-linux-x86_64-fedora-gcc | 1.7.3 | 89.51 | OK | |||
r-devel-windows-x86_64 | 1.7.3 | 7.00 | 72.00 | 79.00 | OK | |
r-patched-linux-x86_64 | 1.7.3 | 7.53 | 50.84 | 58.37 | OK | |
r-release-linux-x86_64 | 1.7.3 | 6.56 | 51.45 | 58.01 | OK | |
r-release-macos-arm64 | 1.7.3 | 31.00 | OK | |||
r-release-macos-x86_64 | 1.7.3 | 62.00 | OK | |||
r-release-windows-x86_64 | 1.7.3 | 8.00 | 72.00 | 80.00 | OK | |
r-oldrel-macos-arm64 | 1.7.3 | 31.00 | OK | |||
r-oldrel-macos-x86_64 | 1.7.3 | 55.00 | OK | |||
r-oldrel-windows-x86_64 | 1.7.3 | 11.00 | 88.00 | 99.00 | OK |
Version: 1.7.3
Check: CRAN incoming feasibility
Result: NOTE
Maintainer: ‘Paul Boutros <pboutros@mednet.ucla.edu>’
No Authors@R field in DESCRIPTION.
Please add one, modifying
Authors@R: c(person(given = "Hanbo",
family = "Chen",
role = "aut"),
person(given = "Paul",
family = "Boutros",
role = "cre",
email = "pboutros@mednet.ucla.edu"))
as necessary.
Flavors: r-devel-linux-x86_64-debian-clang, r-devel-linux-x86_64-debian-gcc
These binaries (installable software) and packages are in development.
They may not be fully stable and should be used with caution. We make no claims about them.