CRAN Package Check Results for Package VeryLargeIntegers

Last updated on 2025-07-27 03:50:25 CEST.

Flavor Version Tinstall Tcheck Ttotal Status Flags
r-devel-linux-x86_64-debian-clang 0.2.1 18.06 45.92 63.98 NOTE
r-devel-linux-x86_64-debian-gcc 0.2.1 12.77 34.75 47.52 NOTE
r-devel-linux-x86_64-fedora-clang 0.2.1 104.38 OK
r-devel-linux-x86_64-fedora-gcc 0.2.1 105.97 OK
r-devel-windows-x86_64 0.2.1 19.00 96.00 115.00 OK
r-patched-linux-x86_64 0.2.1 18.71 44.41 63.12 OK
r-release-linux-x86_64 0.2.1 17.43 44.32 61.75 OK
r-release-macos-arm64 0.2.1 29.00 OK
r-release-macos-x86_64 0.2.1 57.00 OK
r-release-windows-x86_64 0.2.1 19.00 84.00 103.00 OK
r-oldrel-macos-arm64 0.2.1 30.00 OK
r-oldrel-macos-x86_64 0.2.1 49.00 OK
r-oldrel-windows-x86_64 0.2.1 17.00 184.00 201.00 OK

Check Details

Version: 0.2.1
Check: CRAN incoming feasibility
Result: NOTE Maintainer: ‘Javier Leiva Cuadrado <jleivacuadrado@gmail.com>’ No Authors@R field in DESCRIPTION. Please add one, modifying Authors@R: person(given = c("Javier", "Leiva"), family = "Cuadrado", role = c("aut", "cre"), email = "jleivacuadrado@gmail.com") as necessary. Flavors: r-devel-linux-x86_64-debian-clang, r-devel-linux-x86_64-debian-gcc

These binaries (installable software) and packages are in development.
They may not be fully stable and should be used with caution. We make no claims about them.