CRAN Package Check Results for Package VetResearchLMM

Last updated on 2025-07-02 03:50:56 CEST.

Flavor Version Tinstall Tcheck Ttotal Status Flags
r-devel-linux-x86_64-debian-clang 1.0.0 10.27 94.10 104.37 NOTE
r-devel-linux-x86_64-debian-gcc 1.0.0 7.70 69.64 77.34 NOTE
r-devel-linux-x86_64-fedora-clang 1.0.0 161.99 NOTE
r-devel-linux-x86_64-fedora-gcc 1.0.0 148.96 NOTE
r-devel-windows-x86_64 1.0.0 14.00 101.00 115.00 NOTE
r-patched-linux-x86_64 NOTE
r-release-linux-x86_64 1.0.0 10.78 86.73 97.51 NOTE
r-release-macos-arm64 1.0.0 42.00 NOTE
r-release-macos-x86_64 1.0.0 84.00 NOTE
r-release-windows-x86_64 1.0.0 13.00 101.00 114.00 NOTE
r-oldrel-macos-arm64 1.0.0 43.00 NOTE
r-oldrel-macos-x86_64 1.0.0 78.00 NOTE
r-oldrel-windows-x86_64 1.0.0 16.00 224.00 240.00 NOTE

Check Details

Version: 1.0.0
Check: Rd files
Result: NOTE checkRd: (-1) ex121.Rd:18: Escaped LaTeX specials: \& checkRd: (-1) ex124.Rd:18: Escaped LaTeX specials: \& checkRd: (-1) ex125.Rd:18: Escaped LaTeX specials: \& checkRd: (-1) ex127.Rd:18: Escaped LaTeX specials: \& checkRd: (-1) ex32.Rd:18: Escaped LaTeX specials: \& checkRd: (-1) ex33.Rd:18: Escaped LaTeX specials: \& Flavors: r-devel-linux-x86_64-debian-clang, r-devel-linux-x86_64-debian-gcc, r-devel-linux-x86_64-fedora-clang, r-devel-linux-x86_64-fedora-gcc, r-devel-windows-x86_64, r-patched-linux-x86_64, r-release-linux-x86_64, r-release-macos-arm64, r-release-macos-x86_64, r-release-windows-x86_64, r-oldrel-macos-arm64, r-oldrel-macos-x86_64, r-oldrel-windows-x86_64

Version: 1.0.0
Check: dependencies in R code
Result: NOTE Namespace in Imports field not imported from: ‘nlme’ All declared Imports should be used. Flavors: r-devel-linux-x86_64-fedora-clang, r-devel-linux-x86_64-fedora-gcc

These binaries (installable software) and packages are in development.
They may not be fully stable and should be used with caution. We make no claims about them.