Last updated on 2025-02-16 12:53:56 CET.
Flavor | Version | Tinstall | Tcheck | Ttotal | Status | Flags |
---|---|---|---|---|---|---|
r-devel-linux-x86_64-debian-clang | 0.2.3 | 7.06 | 75.25 | 82.31 | NOTE | |
r-devel-linux-x86_64-debian-gcc | 0.2.3 | 4.46 | 54.78 | 59.24 | NOTE | |
r-devel-linux-x86_64-fedora-clang | 0.2.3 | 138.58 | NOTE | |||
r-devel-linux-x86_64-fedora-gcc | 0.2.3 | 136.34 | NOTE | |||
r-devel-macos-arm64 | 0.2.3 | 57.00 | NOTE | |||
r-devel-macos-x86_64 | 0.2.3 | 85.00 | NOTE | |||
r-devel-windows-x86_64 | 0.2.3 | 10.00 | 218.00 | 228.00 | NOTE | |
r-patched-linux-x86_64 | 0.2.3 | 6.78 | 70.34 | 77.12 | NOTE | |
r-release-linux-x86_64 | 0.2.3 | 5.72 | 69.80 | 75.52 | NOTE | |
r-release-macos-arm64 | 0.2.3 | 51.00 | NOTE | |||
r-release-macos-x86_64 | 0.2.3 | 75.00 | NOTE | |||
r-release-windows-x86_64 | 0.2.3 | 10.00 | 135.00 | 145.00 | NOTE | |
r-oldrel-macos-arm64 | 0.2.3 | 47.00 | OK | |||
r-oldrel-macos-x86_64 | 0.2.3 | 81.00 | OK | |||
r-oldrel-windows-x86_64 | 0.2.3 | 11.00 | 152.00 | 163.00 | OK |
Version: 0.2.3
Check: Rd files
Result: NOTE
checkRd: (-1) show_query.Rd:27: Lost braces in \itemize; meant \describe ?
checkRd: (-1) show_query.Rd:28: Lost braces in \itemize; meant \describe ?
checkRd: (-1) show_query.Rd:29: Lost braces in \itemize; meant \describe ?
Flavors: r-devel-linux-x86_64-debian-clang, r-devel-linux-x86_64-debian-gcc, r-devel-linux-x86_64-fedora-clang, r-devel-linux-x86_64-fedora-gcc, r-devel-macos-arm64, r-devel-macos-x86_64, r-devel-windows-x86_64, r-patched-linux-x86_64, r-release-linux-x86_64, r-release-macos-arm64, r-release-macos-x86_64, r-release-windows-x86_64
Version: 0.2.3
Check: dependencies in R code
Result: NOTE
Namespaces in Imports field not imported from:
‘kableExtra’ ‘knitr’ ‘leaflet’ ‘mapview’
All declared Imports should be used.
Flavors: r-devel-linux-x86_64-fedora-clang, r-devel-linux-x86_64-fedora-gcc
These binaries (installable software) and packages are in development.
They may not be fully stable and should be used with caution. We make no claims about them.