CRAN Package Check Results for Package ViewPipeSteps

Last updated on 2025-05-08 04:52:22 CEST.

Flavor Version Tinstall Tcheck Ttotal Status Flags
r-devel-linux-x86_64-debian-clang 0.1.0 2.00 19.77 21.77 OK
r-devel-linux-x86_64-debian-gcc 0.1.0 1.49 16.70 18.19 OK
r-devel-linux-x86_64-fedora-clang 0.1.0 32.10 NOTE
r-devel-linux-x86_64-fedora-gcc 0.1.0 30.61 NOTE
r-devel-windows-x86_64 0.1.0 4.00 39.00 43.00 OK
r-patched-linux-x86_64 0.1.0 2.03 17.81 19.84 OK
r-release-linux-x86_64 0.1.0 1.95 18.28 20.23 OK
r-release-macos-arm64 0.1.0 15.00 OK
r-release-macos-x86_64 0.1.0 23.00 OK
r-release-windows-x86_64 0.1.0 4.00 40.00 44.00 OK
r-oldrel-macos-arm64 0.1.0 15.00 OK
r-oldrel-macos-x86_64 0.1.0 22.00 OK
r-oldrel-windows-x86_64 0.1.0 4.00 43.00 47.00 OK

Check Details

Version: 0.1.0
Check: dependencies in R code
Result: NOTE Namespace in Imports field not imported from: ‘dplyr’ All declared Imports should be used. Flavors: r-devel-linux-x86_64-fedora-clang, r-devel-linux-x86_64-fedora-gcc

These binaries (installable software) and packages are in development.
They may not be fully stable and should be used with caution. We make no claims about them.