Last updated on 2025-05-01 12:49:44 CEST.
Flavor | Version | Tinstall | Tcheck | Ttotal | Status | Flags |
---|---|---|---|---|---|---|
r-devel-linux-x86_64-debian-clang | 2.6.1 | 28.66 | 121.11 | 149.77 | NOTE | |
r-devel-linux-x86_64-debian-gcc | 2.6.1 | 20.00 | 82.38 | 102.38 | OK | |
r-devel-linux-x86_64-fedora-clang | 2.6.1 | 234.98 | OK | |||
r-devel-linux-x86_64-fedora-gcc | 2.6.1 | 239.89 | OK | |||
r-devel-windows-x86_64 | 2.6.1 | 38.00 | 165.00 | 203.00 | OK | |
r-patched-linux-x86_64 | 2.6.1 | 31.16 | 116.36 | 147.52 | OK | |
r-release-linux-x86_64 | OK | |||||
r-release-macos-arm64 | 2.6.1 | 60.00 | OK | |||
r-release-macos-x86_64 | 2.6.1 | 129.00 | OK | |||
r-release-windows-x86_64 | 2.6.1 | 41.00 | 170.00 | 211.00 | OK | |
r-oldrel-macos-arm64 | 2.6.1 | 79.00 | OK | |||
r-oldrel-macos-x86_64 | 2.6.1 | 181.00 | OK | |||
r-oldrel-windows-x86_64 | 2.6.1 | 51.00 | 192.00 | 243.00 | OK |
Version: 2.6.1
Check: examples
Result: NOTE
Examples with CPU (user + system) or elapsed time > 5s
user system elapsed
pairs.copuladata 5.641 0 7.111
Flavor: r-devel-linux-x86_64-debian-clang
These binaries (installable software) and packages are in development.
They may not be fully stable and should be used with caution. We make no claims about them.