CRAN Package Check Results for Package Virusparies

Last updated on 2025-05-01 12:49:44 CEST.

Flavor Version Tinstall Tcheck Ttotal Status Flags
r-devel-linux-x86_64-debian-clang 1.1.0 10.69 91.16 101.85 NOTE
r-devel-linux-x86_64-debian-gcc 1.1.0 6.74 65.33 72.07 OK
r-devel-linux-x86_64-fedora-clang 1.1.0 151.78 OK
r-devel-linux-x86_64-fedora-gcc 1.1.0 139.47 OK
r-devel-windows-x86_64 1.1.0 11.00 106.00 117.00 OK
r-patched-linux-x86_64 1.1.0 9.13 82.74 91.87 OK
r-release-linux-x86_64 OK
r-release-macos-arm64 1.1.0 39.00 OK
r-release-macos-x86_64 1.1.0 74.00 OK
r-release-windows-x86_64 1.1.0 12.00 114.00 126.00 OK
r-oldrel-macos-arm64 1.1.0 48.00 OK
r-oldrel-macos-x86_64 1.1.0 90.00 OK
r-oldrel-windows-x86_64 1.1.0 14.00 125.00 139.00 OK

Check Details

Version: 1.1.0
Check: examples
Result: NOTE Examples with CPU (user + system) or elapsed time > 5s user system elapsed VhgIdenFacetedScatterPlot 3.527 0.061 6.083 VhgBoxplot 3.408 0.056 5.580 Flavor: r-devel-linux-x86_64-debian-clang

These binaries (installable software) and packages are in development.
They may not be fully stable and should be used with caution. We make no claims about them.