Last updated on 2025-05-01 15:49:48 CEST.
Flavor | Version | Tinstall | Tcheck | Ttotal | Status | Flags |
---|---|---|---|---|---|---|
r-devel-linux-x86_64-debian-clang | 1.6.0 | 27.93 | 165.57 | 193.50 | NOTE | |
r-devel-linux-x86_64-debian-gcc | 1.6.0 | 21.26 | 117.65 | 138.91 | OK | |
r-devel-linux-x86_64-fedora-clang | 1.6.0 | 314.34 | OK | |||
r-devel-linux-x86_64-fedora-gcc | 1.6.0 | 305.29 | OK | |||
r-devel-windows-x86_64 | 1.6.0 | 21.00 | 144.00 | 165.00 | OK | |
r-patched-linux-x86_64 | 1.6.0 | 27.46 | 159.62 | 187.08 | OK | |
r-release-linux-x86_64 | OK | |||||
r-release-macos-arm64 | 1.6.0 | 65.00 | OK | |||
r-release-macos-x86_64 | 1.6.0 | 152.00 | OK | |||
r-release-windows-x86_64 | 1.6.0 | 22.00 | 147.00 | 169.00 | OK | |
r-oldrel-macos-arm64 | 1.6.0 | 77.00 | OK | |||
r-oldrel-macos-x86_64 | 1.6.0 | 132.00 | OK | |||
r-oldrel-windows-x86_64 | 1.6.0 | 27.00 | 188.00 | 215.00 | OK |
Version: 1.6.0
Check: examples
Result: NOTE
Examples with CPU (user + system) or elapsed time > 5s
user system elapsed
VisCov 8.476 0.152 12.756
Flavor: r-devel-linux-x86_64-debian-clang
Version: 1.6.0
Check: examples
Result: NA
user system elapsed
VisCov 4.854 0.152 5.807
OK
Flavor: r-devel-linux-x86_64-debian-gcc
These binaries (installable software) and packages are in development.
They may not be fully stable and should be used with caution. We make no claims about them.