CRAN Package Check Results for Package Visualize.CRAN.Downloads

Last updated on 2025-07-02 03:50:56 CEST.

Flavor Version Tinstall Tcheck Ttotal Status Flags
r-devel-linux-x86_64-debian-clang 1.0.3 7.21 58.24 65.45 NOTE
r-devel-linux-x86_64-debian-gcc 1.0.3 3.47 42.43 45.90 NOTE
r-devel-linux-x86_64-fedora-clang 1.0.3 101.92 OK
r-devel-linux-x86_64-fedora-gcc 1.0.3 107.57 OK
r-devel-windows-x86_64 1.0.3 9.00 76.00 85.00 OK
r-patched-linux-x86_64 OK
r-release-linux-x86_64 1.0.3 5.70 51.65 57.35 OK
r-release-macos-arm64 1.0.3 47.00 OK
r-release-macos-x86_64 1.0.3 71.00 OK
r-release-windows-x86_64 1.0.3 11.00 77.00 88.00 OK
r-oldrel-macos-arm64 1.0.3 43.00 OK
r-oldrel-macos-x86_64 1.0.3 61.00 OK
r-oldrel-windows-x86_64 1.0.3 11.00 90.00 101.00 OK

Check Details

Version: 1.0.3
Check: CRAN incoming feasibility
Result: NOTE Maintainer: ‘Marcelo Ponce <m.ponce@utoronto.ca>’ No Authors@R field in DESCRIPTION. Please add one, modifying Authors@R: person(given = "Marcelo", family = "Ponce", role = c("aut", "cre"), email = "m.ponce@utoronto.ca") as necessary. Flavors: r-devel-linux-x86_64-debian-clang, r-devel-linux-x86_64-debian-gcc

These binaries (installable software) and packages are in development.
They may not be fully stable and should be used with caution. We make no claims about them.