CRAN Package Check Results for Package Voss

Last updated on 2025-11-11 15:50:51 CET.

Flavor Version Tinstall Tcheck Ttotal Status Flags
r-devel-linux-x86_64-debian-clang 0.1.5 3.28 43.27 46.55 NOTE
r-devel-linux-x86_64-debian-gcc 0.1.5 3.41 31.74 35.15 NOTE
r-devel-linux-x86_64-fedora-clang 0.1.5 71.13 OK
r-devel-linux-x86_64-fedora-gcc 0.1.5 10.00 60.03 70.03 OK
r-devel-windows-x86_64 0.1.5 6.00 60.00 66.00 OK
r-patched-linux-x86_64 0.1.5 4.84 41.05 45.89 OK
r-release-linux-x86_64 0.1.5 4.18 40.75 44.93 OK
r-release-macos-arm64 0.1.5 2.00 22.00 24.00 OK
r-release-macos-x86_64 0.1.5 4.00 39.00 43.00 OK
r-release-windows-x86_64 0.1.5 6.00 60.00 66.00 OK
r-oldrel-macos-arm64 0.1.5 2.00 20.00 22.00 OK
r-oldrel-macos-x86_64 0.1.5 3.00 31.00 34.00 OK
r-oldrel-windows-x86_64 0.1.5 7.00 69.00 76.00 OK

Check Details

Version: 0.1.5
Check: CRAN incoming feasibility
Result: NOTE Maintainer: ‘Pavel V. Moskalev <moskalefff@gmail.com>’ No Authors@R field in DESCRIPTION. Please add one, modifying Authors@R: person(given = c("Pavel", "V."), family = "Moskalev", role = c("aut", "cre"), email = "moskalefff@gmail.com") as necessary. Flavors: r-devel-linux-x86_64-debian-clang, r-devel-linux-x86_64-debian-gcc

These binaries (installable software) and packages are in development.
They may not be fully stable and should be used with caution. We make no claims about them.