CRAN Package Check Results for Package VoxR

Last updated on 2025-02-19 16:51:08 CET.

Flavor Version Tinstall Tcheck Ttotal Status Flags
r-devel-linux-x86_64-debian-clang 1.0.0 3.79 81.65 85.44 OK
r-devel-linux-x86_64-debian-gcc 1.0.0 1.99 60.33 62.32 OK
r-devel-linux-x86_64-fedora-clang 1.0.0 114.51 OK
r-devel-linux-x86_64-fedora-gcc 1.0.0 103.29 OK
r-devel-macos-arm64 1.0.0 32.00 OK
r-devel-macos-x86_64 1.0.0 59.00 OK
r-devel-windows-x86_64 1.0.0 7.00 82.00 89.00 OK
r-patched-linux-x86_64 1.0.0 3.38 65.61 68.99 NOTE
r-release-linux-x86_64 1.0.0 3.13 65.33 68.46 NOTE
r-release-macos-arm64 1.0.0 28.00 NOTE
r-release-macos-x86_64 1.0.0 46.00 NOTE
r-release-windows-x86_64 1.0.0 7.00 3.00 10.00 FAIL
r-oldrel-macos-arm64 1.0.0 32.00 NOTE
r-oldrel-macos-x86_64 1.0.0 53.00 NOTE
r-oldrel-windows-x86_64 1.0.0 8.00 93.00 101.00 NOTE

Check Details

Version: 1.0.0
Check: LazyData
Result: NOTE 'LazyData' is specified without a 'data' directory Flavors: r-patched-linux-x86_64, r-release-linux-x86_64, r-release-macos-arm64, r-release-macos-x86_64, r-oldrel-macos-arm64, r-oldrel-macos-x86_64, r-oldrel-windows-x86_64

Version: 1.0.0
Check: package dependencies
Result: FAIL
Flavor: r-release-windows-x86_64

These binaries (installable software) and packages are in development.
They may not be fully stable and should be used with caution. We make no claims about them.