Last updated on 2025-05-01 12:49:44 CEST.
Flavor | Version | Tinstall | Tcheck | Ttotal | Status | Flags |
---|---|---|---|---|---|---|
r-devel-linux-x86_64-debian-clang | 1.0.0 | 1.73 | 143.92 | 145.65 | NOTE | |
r-devel-linux-x86_64-debian-gcc | 1.0.0 | 1.40 | 83.80 | 85.20 | OK | |
r-devel-linux-x86_64-fedora-clang | 1.0.0 | 240.74 | OK | |||
r-devel-linux-x86_64-fedora-gcc | 1.0.0 | 176.68 | OK | |||
r-devel-windows-x86_64 | 1.0.0 | 3.00 | 156.00 | 159.00 | OK | |
r-patched-linux-x86_64 | 1.0.0 | 1.97 | 125.70 | 127.67 | OK | |
r-release-linux-x86_64 | OK | |||||
r-release-macos-arm64 | 1.0.0 | 64.00 | OK | |||
r-release-macos-x86_64 | 1.0.0 | 150.00 | OK | |||
r-release-windows-x86_64 | 1.0.0 | 3.00 | 157.00 | 160.00 | OK | |
r-oldrel-macos-arm64 | 1.0.0 | 61.00 | OK | |||
r-oldrel-macos-x86_64 | 1.0.0 | 154.00 | OK | |||
r-oldrel-windows-x86_64 | 1.0.0 | 3.00 | 204.00 | 207.00 | OK |
Version: 1.0.0
Check: examples
Result: NOTE
Examples with CPU (user + system) or elapsed time > 5s
user system elapsed
Sequential2Means 4.048 0.012 7.675
Sequential2MeansBeta 3.220 0.022 6.382
Flavor: r-devel-linux-x86_64-debian-clang
Version: 1.0.0
Check: examples
Result: NA
user system elapsed
Sequential2MeansBeta 2.285 0.048 5.507
Sequential2Means 2.117 0.123 5.902
OK
Flavor: r-devel-linux-x86_64-debian-gcc
These binaries (installable software) and packages are in development.
They may not be fully stable and should be used with caution. We make no claims about them.