CRAN Package Check Results for Package WA

Last updated on 2025-05-08 04:52:22 CEST.

Flavor Version Tinstall Tcheck Ttotal Status Flags
r-devel-linux-x86_64-debian-clang 1.0 1.87 26.69 28.56 NOTE
r-devel-linux-x86_64-debian-gcc 1.0 1.58 21.45 23.03 NOTE
r-devel-linux-x86_64-fedora-clang 1.0 46.52 OK
r-devel-linux-x86_64-fedora-gcc 1.0 58.59 OK
r-devel-windows-x86_64 1.0 3.00 48.00 51.00 OK
r-patched-linux-x86_64 1.0 2.23 26.43 28.66 OK
r-release-linux-x86_64 1.0 2.10 26.20 28.30 OK
r-release-macos-arm64 1.0 30.00 OK
r-release-macos-x86_64 1.0 45.00 OK
r-release-windows-x86_64 1.0 2.00 49.00 51.00 OK
r-oldrel-macos-arm64 1.0 24.00 OK
r-oldrel-macos-x86_64 1.0 34.00 OK
r-oldrel-windows-x86_64 1.0 3.00 53.00 56.00 OK

Check Details

Version: 1.0
Check: CRAN incoming feasibility
Result: NOTE Maintainer: ‘Lu Mao <lmao@biostat.wisc.edu>’ No Authors@R field in DESCRIPTION. Please add one, modifying Authors@R: person(given = "Lu", family = "Mao", role = c("aut", "cre"), email = "lmao@biostat.wisc.edu") as necessary. Flavors: r-devel-linux-x86_64-debian-clang, r-devel-linux-x86_64-debian-gcc

These binaries (installable software) and packages are in development.
They may not be fully stable and should be used with caution. We make no claims about them.