Last updated on 2025-02-16 10:51:03 CET.
Flavor | Version | Tinstall | Tcheck | Ttotal | Status | Flags |
---|---|---|---|---|---|---|
r-devel-linux-x86_64-debian-clang | 1.1.0 | 7.83 | 66.23 | 74.06 | NOTE | |
r-devel-linux-x86_64-debian-gcc | 1.1.0 | 5.86 | 49.56 | 55.42 | NOTE | |
r-devel-linux-x86_64-fedora-clang | 1.1.0 | 124.18 | NOTE | |||
r-devel-linux-x86_64-fedora-gcc | 1.1.0 | 111.25 | NOTE | |||
r-devel-macos-arm64 | 1.1.0 | 32.00 | NOTE | |||
r-devel-macos-x86_64 | 1.1.0 | 74.00 | NOTE | |||
r-devel-windows-x86_64 | 1.1.0 | 11.00 | 75.00 | 86.00 | NOTE | |
r-patched-linux-x86_64 | 1.1.0 | 8.82 | 62.03 | 70.85 | NOTE | |
r-release-linux-x86_64 | 1.1.0 | 9.18 | 61.24 | 70.42 | NOTE | |
r-release-macos-arm64 | 1.1.0 | 31.00 | NOTE | |||
r-release-macos-x86_64 | 1.1.0 | 57.00 | NOTE | |||
r-release-windows-x86_64 | 1.1.0 | 10.00 | 77.00 | 87.00 | NOTE | |
r-oldrel-macos-arm64 | 1.1.0 | 37.00 | OK | |||
r-oldrel-macos-x86_64 | 1.1.0 | 61.00 | OK | |||
r-oldrel-windows-x86_64 | 1.1.0 | 13.00 | 116.00 | 129.00 | OK |
Version: 1.1.0
Check: Rd files
Result: NOTE
checkRd: (-1) WACS.Rd:18: Lost braces in \itemize; meant \describe ?
checkRd: (-1) WACS.Rd:19: Lost braces in \itemize; meant \describe ?
checkRd: (-1) WACS.Rd:20: Lost braces in \itemize; meant \describe ?
checkRd: (-1) WACS.Rd:21: Lost braces in \itemize; meant \describe ?
checkRd: (-1) WACS.Rd:22: Lost braces in \itemize; meant \describe ?
checkRd: (-1) WACS.Rd:23: Lost braces in \itemize; meant \describe ?
checkRd: (-1) WACS.Rd:24: Lost braces in \itemize; meant \describe ?
checkRd: (-1) WACS.Rd:36-37: Lost braces in \itemize; meant \describe ?
checkRd: (-1) WACS.Rd:38-39: Lost braces in \itemize; meant \describe ?
checkRd: (-1) WACSreadAgroclim.Rd:15: Lost braces in \itemize; \value handles \item{}{} directly
checkRd: (-1) WACSreadAgroclim.Rd:16-17: Lost braces in \itemize; \value handles \item{}{} directly
Flavors: r-devel-linux-x86_64-debian-clang, r-devel-linux-x86_64-debian-gcc, r-devel-linux-x86_64-fedora-clang, r-devel-linux-x86_64-fedora-gcc, r-devel-macos-arm64, r-devel-macos-x86_64, r-devel-windows-x86_64, r-patched-linux-x86_64, r-release-linux-x86_64, r-release-macos-arm64, r-release-macos-x86_64, r-release-windows-x86_64
These binaries (installable software) and packages are in development.
They may not be fully stable and should be used with caution. We make no claims about them.