Last updated on 2025-10-24 05:51:02 CEST.
| Flavor | Version | Tinstall | Tcheck | Ttotal | Status | Flags |
|---|---|---|---|---|---|---|
| r-devel-linux-x86_64-debian-clang | 1.1.0 | 8.50 | 67.86 | 76.36 | NOTE | |
| r-devel-linux-x86_64-debian-gcc | 1.1.0 | 6.41 | 49.43 | 55.84 | NOTE | |
| r-devel-linux-x86_64-fedora-clang | 1.1.0 | 18.00 | 101.10 | 119.10 | NOTE | |
| r-devel-linux-x86_64-fedora-gcc | 1.1.0 | 22.00 | 93.95 | 115.95 | NOTE | |
| r-devel-windows-x86_64 | 1.1.0 | 10.00 | 74.00 | 84.00 | NOTE | |
| r-patched-linux-x86_64 | 1.1.0 | 8.93 | 65.38 | 74.31 | NOTE | |
| r-release-linux-x86_64 | 1.1.0 | 8.79 | 64.88 | 73.67 | NOTE | |
| r-release-macos-arm64 | 1.1.0 | 4.00 | 29.00 | 33.00 | NOTE | |
| r-release-macos-x86_64 | 1.1.0 | 8.00 | 69.00 | 77.00 | NOTE | |
| r-release-windows-x86_64 | 1.1.0 | 11.00 | 74.00 | 85.00 | NOTE | |
| r-oldrel-macos-arm64 | 1.1.0 | 4.00 | 27.00 | 31.00 | NOTE | |
| r-oldrel-macos-x86_64 | 1.1.0 | 6.00 | 51.00 | 57.00 | NOTE | |
| r-oldrel-windows-x86_64 | 1.1.0 | 14.00 | 95.00 | 109.00 | NOTE |
Version: 1.1.0
Check: CRAN incoming feasibility
Result: NOTE
Maintainer: ‘Ronan Trépos <ronan.trepos@inrae.fr>’
No Authors@R field in DESCRIPTION.
Please add one, modifying
Authors@R: c(person(given = "Denis",
family = "Allard",
role = c("aut", "cre")),
person(given = "Ronan",
family = "Trépos",
role = c("aut", "cre"),
email = "ronan.trepos@inrae.fr"))
as necessary.
Flavors: r-devel-linux-x86_64-debian-clang, r-devel-linux-x86_64-debian-gcc
Version: 1.1.0
Check: Rd files
Result: NOTE
checkRd: (-1) WACS.Rd:18: Lost braces in \itemize; meant \describe ?
checkRd: (-1) WACS.Rd:19: Lost braces in \itemize; meant \describe ?
checkRd: (-1) WACS.Rd:20: Lost braces in \itemize; meant \describe ?
checkRd: (-1) WACS.Rd:21: Lost braces in \itemize; meant \describe ?
checkRd: (-1) WACS.Rd:22: Lost braces in \itemize; meant \describe ?
checkRd: (-1) WACS.Rd:23: Lost braces in \itemize; meant \describe ?
checkRd: (-1) WACS.Rd:24: Lost braces in \itemize; meant \describe ?
checkRd: (-1) WACS.Rd:36-37: Lost braces in \itemize; meant \describe ?
checkRd: (-1) WACS.Rd:38-39: Lost braces in \itemize; meant \describe ?
checkRd: (-1) WACSreadAgroclim.Rd:15: Lost braces in \itemize; \value handles \item{}{} directly
checkRd: (-1) WACSreadAgroclim.Rd:16-17: Lost braces in \itemize; \value handles \item{}{} directly
Flavors: r-devel-linux-x86_64-debian-clang, r-devel-linux-x86_64-debian-gcc, r-devel-linux-x86_64-fedora-clang, r-devel-linux-x86_64-fedora-gcc, r-devel-windows-x86_64, r-patched-linux-x86_64, r-release-linux-x86_64, r-release-macos-arm64, r-release-macos-x86_64, r-release-windows-x86_64, r-oldrel-macos-arm64, r-oldrel-macos-x86_64, r-oldrel-windows-x86_64
These binaries (installable software) and packages are in development.
They may not be fully stable and should be used with caution. We make no claims about them.