Last updated on 2025-10-23 17:51:08 CEST.
Flavor | Version | Tinstall | Tcheck | Ttotal | Status | Flags |
---|---|---|---|---|---|---|
r-devel-linux-x86_64-debian-clang | 0.2.6 | 5.00 | 58.26 | 63.26 | NOTE | |
r-devel-linux-x86_64-debian-gcc | 0.2.6 | 2.68 | 42.34 | 45.02 | OK | |
r-devel-linux-x86_64-fedora-clang | 0.2.6 | 96.90 | OK | |||
r-devel-linux-x86_64-fedora-gcc | 0.2.6 | 10.00 | 83.08 | 93.08 | OK | |
r-devel-windows-x86_64 | 0.2.6 | 5.00 | 83.00 | 88.00 | OK | |
r-patched-linux-x86_64 | 0.2.6 | 6.35 | 56.37 | 62.72 | OK | |
r-release-linux-x86_64 | 0.2.6 | 4.73 | 55.70 | 60.43 | OK | |
r-release-macos-arm64 | 0.2.6 | 2.00 | 30.00 | 32.00 | OK | |
r-release-macos-x86_64 | 0.2.6 | 6.00 | 62.00 | 68.00 | OK | |
r-release-windows-x86_64 | 0.2.6 | 5.00 | 84.00 | 89.00 | OK | |
r-oldrel-macos-arm64 | 0.2.6 | 3.00 | 36.00 | 39.00 | OK | |
r-oldrel-macos-x86_64 | 0.2.6 | 4.00 | 73.00 | 77.00 | OK | |
r-oldrel-windows-x86_64 | 0.2.6 | 7.00 | 101.00 | 108.00 | OK |
Version: 0.2.6
Check: HTML version of manual
Result: NOTE
Found the following HTML validation problems:
checkSingularitySVD.html:60:1 (checkSingularitySVD.Rd:18): Warning: missing </ul> before </div>
Flavor: r-devel-linux-x86_64-debian-clang
These binaries (installable software) and packages are in development.
They may not be fully stable and should be used with caution. We make no claims about them.