CRAN Package Check Results for Package WARN

Last updated on 2025-05-01 14:49:26 CEST.

Flavor Version Tinstall Tcheck Ttotal Status Flags
r-devel-linux-x86_64-debian-clang 1.2-4 2.96 28.89 31.85 NOTE
r-devel-linux-x86_64-debian-gcc 1.2-4 2.04 21.20 23.24 NOTE
r-devel-linux-x86_64-fedora-clang 1.2-5 49.65 OK
r-devel-linux-x86_64-fedora-gcc 1.2-4 49.33 OK
r-devel-windows-x86_64 1.2-4 3.00 53.00 56.00 NOTE
r-patched-linux-x86_64 1.2-4 3.05 27.88 30.93 NOTE
r-release-linux-x86_64 NOTE
r-release-macos-arm64 1.2-5 18.00 OK
r-release-macos-x86_64 1.2-5 36.00 OK
r-release-windows-x86_64 1.2-4 3.00 56.00 59.00 NOTE
r-oldrel-macos-arm64 1.2-5 23.00 OK
r-oldrel-macos-x86_64 1.2-5 33.00 OK
r-oldrel-windows-x86_64 1.2-4 3.00 53.00 56.00 OK

Check Details

Version: 1.2-4
Check: CRAN incoming feasibility
Result: NOTE Maintainer: ‘Takumi Tsutaya <tsutayatakumi@gmail.com>’ No Authors@R field in DESCRIPTION. Please add one, modifying Authors@R: person(given = "Takumi", family = "Tsutaya", role = c("aut", "cre"), email = "tsutayatakumi@gmail.com") as necessary. Flavors: r-devel-linux-x86_64-debian-clang, r-devel-linux-x86_64-debian-gcc

Version: 1.2-4
Check: Rd cross-references
Result: NOTE Found the following Rd file(s) with Rd \link{} targets missing package anchors: warn.Rd: kde2d, width.SJ Please provide package anchors for all Rd \link{} targets not in the package itself and the base packages. Flavors: r-devel-linux-x86_64-debian-clang, r-devel-linux-x86_64-debian-gcc, r-devel-windows-x86_64, r-patched-linux-x86_64, r-release-linux-x86_64, r-release-windows-x86_64

These binaries (installable software) and packages are in development.
They may not be fully stable and should be used with caution. We make no claims about them.