Last updated on 2025-11-11 15:50:51 CET.
| Flavor | Version | Tinstall | Tcheck | Ttotal | Status | Flags |
|---|---|---|---|---|---|---|
| r-devel-linux-x86_64-debian-clang | 1.4.4 | 12.11 | 174.84 | 186.95 | NOTE | |
| r-devel-linux-x86_64-debian-gcc | 1.4.4 | 9.34 | 122.47 | 131.81 | NOTE | |
| r-devel-linux-x86_64-fedora-clang | 1.4.4 | 65.00 | 234.47 | 299.47 | OK | |
| r-devel-linux-x86_64-fedora-gcc | 1.4.4 | 27.00 | 260.25 | 287.25 | OK | |
| r-devel-windows-x86_64 | 1.4.4 | 15.00 | 168.00 | 183.00 | OK | |
| r-patched-linux-x86_64 | 1.4.4 | 11.80 | 163.40 | 175.20 | NOTE | |
| r-release-linux-x86_64 | 1.4.4 | 12.82 | 163.70 | 176.52 | NOTE | |
| r-release-macos-arm64 | 1.4.4 | 4.00 | 64.00 | 68.00 | OK | |
| r-release-macos-x86_64 | 1.4.4 | 10.00 | 128.00 | 138.00 | OK | |
| r-release-windows-x86_64 | 1.4.4 | 14.00 | 170.00 | 184.00 | OK | |
| r-oldrel-macos-arm64 | 1.4.4 | 6.00 | 73.00 | 79.00 | OK | |
| r-oldrel-macos-x86_64 | 1.4.4 | 16.00 | 210.00 | 226.00 | OK | |
| r-oldrel-windows-x86_64 | 1.4.4 | 22.00 | 217.00 | 239.00 | OK |
Version: 1.4.4
Check: for unstated dependencies in ‘demo’
Result: NOTE
'::' or ':::' import not declared from: ‘NPRED’
'library' or 'require' call not declared from: ‘NPRED’
Flavors: r-devel-linux-x86_64-debian-clang, r-devel-linux-x86_64-debian-gcc, r-patched-linux-x86_64, r-release-linux-x86_64
These binaries (installable software) and packages are in development.
They may not be fully stable and should be used with caution. We make no claims about them.