Last updated on 2025-05-01 12:49:44 CEST.
Flavor | Version | Tinstall | Tcheck | Ttotal | Status | Flags |
---|---|---|---|---|---|---|
r-devel-linux-x86_64-debian-clang | 1.4.4 | 12.51 | 159.93 | 172.44 | NOTE | |
r-devel-linux-x86_64-debian-gcc | 1.4.4 | 8.57 | 113.31 | 121.88 | NOTE | |
r-devel-linux-x86_64-fedora-clang | 1.4.4 | 274.28 | OK | |||
r-devel-linux-x86_64-fedora-gcc | 1.4.4 | 269.05 | OK | |||
r-devel-windows-x86_64 | 1.4.4 | 14.00 | 164.00 | 178.00 | OK | |
r-patched-linux-x86_64 | 1.4.4 | 11.92 | 152.38 | 164.30 | NOTE | |
r-release-linux-x86_64 | NOTE | |||||
r-release-macos-arm64 | 1.4.4 | 68.00 | OK | |||
r-release-macos-x86_64 | 1.4.4 | 138.00 | OK | |||
r-release-windows-x86_64 | 1.4.4 | 13.00 | 170.00 | 183.00 | OK | |
r-oldrel-macos-arm64 | 1.4.4 | 79.00 | OK | |||
r-oldrel-macos-x86_64 | 1.4.4 | 226.00 | OK | |||
r-oldrel-windows-x86_64 | 1.4.4 | 18.00 | 264.00 | 282.00 | OK |
Version: 1.4.4
Check: examples
Result: NOTE
Examples with CPU (user + system) or elapsed time > 5s
user system elapsed
stepwise.VT.val 3.986 0.016 5.532
stepwise.VT 3.769 0.032 5.374
Flavor: r-devel-linux-x86_64-debian-clang
Version: 1.4.4
Check: for unstated dependencies in ‘demo’
Result: NOTE
'::' or ':::' import not declared from: ‘NPRED’
'library' or 'require' call not declared from: ‘NPRED’
Flavors: r-devel-linux-x86_64-debian-clang, r-devel-linux-x86_64-debian-gcc, r-patched-linux-x86_64, r-release-linux-x86_64
These binaries (installable software) and packages are in development.
They may not be fully stable and should be used with caution. We make no claims about them.