Last updated on 2025-10-03 11:51:06 CEST.
Flavor | Version | Tinstall | Tcheck | Ttotal | Status | Flags |
---|---|---|---|---|---|---|
r-devel-linux-x86_64-debian-clang | 1.4.4 | 13.79 | 172.64 | 186.43 | NOTE | |
r-devel-linux-x86_64-debian-gcc | 1.4.4 | 8.58 | 123.27 | 131.85 | NOTE | |
r-devel-linux-x86_64-fedora-clang | 1.4.4 | 301.82 | OK | |||
r-devel-linux-x86_64-fedora-gcc | 1.4.4 | 316.77 | OK | |||
r-devel-windows-x86_64 | 1.4.4 | 16.00 | 169.00 | 185.00 | OK | |
r-patched-linux-x86_64 | 1.4.4 | 12.06 | 162.93 | 174.99 | NOTE | |
r-release-linux-x86_64 | 1.4.4 | 12.05 | 164.10 | 176.15 | NOTE | |
r-release-macos-arm64 | 1.4.4 | 68.00 | OK | |||
r-release-macos-x86_64 | 1.4.4 | 138.00 | OK | |||
r-release-windows-x86_64 | 1.4.4 | 14.00 | 170.00 | 184.00 | OK | |
r-oldrel-macos-arm64 | 1.4.4 | 79.00 | OK | |||
r-oldrel-macos-x86_64 | 1.4.4 | 226.00 | OK | |||
r-oldrel-windows-x86_64 | 1.4.4 | 23.00 | 219.00 | 242.00 | OK |
Version: 1.4.4
Check: for unstated dependencies in ‘demo’
Result: NOTE
'::' or ':::' import not declared from: ‘NPRED’
'library' or 'require' call not declared from: ‘NPRED’
Flavors: r-devel-linux-x86_64-debian-clang, r-devel-linux-x86_64-debian-gcc, r-patched-linux-x86_64, r-release-linux-x86_64
These binaries (installable software) and packages are in development.
They may not be fully stable and should be used with caution. We make no claims about them.