Last updated on 2025-07-19 21:49:53 CEST.
Flavor | Version | Tinstall | Tcheck | Ttotal | Status | Flags |
---|---|---|---|---|---|---|
r-devel-linux-x86_64-debian-clang | 1.0.3 | 8.19 | 72.18 | 80.37 | NOTE | |
r-devel-linux-x86_64-debian-gcc | 1.0.3 | 5.24 | 53.84 | 59.08 | NOTE | |
r-devel-linux-x86_64-fedora-clang | 1.0.3 | 121.11 | OK | |||
r-devel-linux-x86_64-fedora-gcc | 1.0.3 | 120.31 | OK | |||
r-devel-windows-x86_64 | 1.0.3 | 8.00 | 87.00 | 95.00 | NOTE | |
r-patched-linux-x86_64 | 1.0.3 | 6.77 | 70.09 | 76.86 | NOTE | |
r-release-linux-x86_64 | 1.0.3 | 7.37 | 69.68 | 77.05 | NOTE | |
r-release-macos-arm64 | 1.0.3 | 42.00 | OK | |||
r-release-macos-x86_64 | 1.0.3 | 81.00 | OK | |||
r-release-windows-x86_64 | 1.0.3 | 8.00 | 90.00 | 98.00 | NOTE | |
r-oldrel-macos-arm64 | 1.0.3 | 37.00 | OK | |||
r-oldrel-macos-x86_64 | 1.0.3 | 64.00 | OK | |||
r-oldrel-windows-x86_64 | 1.0.3 | 10.00 | 111.00 | 121.00 | OK |
Version: 1.0.3
Check: Rd cross-references
Result: NOTE
Found the following Rd file(s) with Rd \link{} targets missing package
anchors:
WCE.Rd: coxph.control
Please provide package anchors for all Rd \link{} targets not in the
package itself and the base packages.
Flavors: r-devel-linux-x86_64-debian-clang, r-devel-linux-x86_64-debian-gcc, r-devel-windows-x86_64, r-patched-linux-x86_64, r-release-linux-x86_64, r-release-windows-x86_64
These binaries (installable software) and packages are in development.
They may not be fully stable and should be used with caution. We make no claims about them.