CRAN Package Check Results for Package WEGE

Last updated on 2025-04-16 15:53:01 CEST.

Flavor Version Tinstall Tcheck Ttotal Status Flags
r-devel-linux-x86_64-debian-clang 0.1.0 31.28 238.53 269.81 OK
r-devel-linux-x86_64-debian-gcc 0.1.0 18.83 155.14 173.97 OK
r-devel-linux-x86_64-fedora-clang 0.1.0 419.83 OK
r-devel-linux-x86_64-fedora-gcc 0.1.0 409.59 OK
r-devel-windows-x86_64 0.1.0 26.00 183.00 209.00 OK
r-patched-linux-x86_64 0.1.0 26.17 222.99 249.16 OK
r-release-linux-x86_64 0.1.0 26.25 223.63 249.88 OK
r-release-macos-arm64 0.1.0 96.00 OK
r-release-macos-x86_64 0.1.0 206.00 OK
r-release-windows-x86_64 0.1.0 26.00 183.00 209.00 OK
r-oldrel-macos-arm64 0.1.0 81.00 NOTE
r-oldrel-macos-x86_64 0.1.0 137.00 NOTE
r-oldrel-windows-x86_64 0.1.0 35.00 261.00 296.00 NOTE

Check Details

Version: 0.1.0
Check: LazyData
Result: NOTE 'LazyData' is specified without a 'data' directory Flavors: r-oldrel-macos-arm64, r-oldrel-macos-x86_64, r-oldrel-windows-x86_64

These binaries (installable software) and packages are in development.
They may not be fully stable and should be used with caution. We make no claims about them.