Last updated on 2025-10-03 03:51:04 CEST.
Flavor | Version | Tinstall | Tcheck | Ttotal | Status | Flags |
---|---|---|---|---|---|---|
r-devel-linux-x86_64-debian-clang | 0.1 | 7.92 | 72.77 | 80.69 | NOTE | |
r-devel-linux-x86_64-debian-gcc | 0.1 | 6.18 | 56.34 | 62.52 | NOTE | |
r-devel-linux-x86_64-fedora-clang | 0.1 | 118.87 | OK | |||
r-devel-linux-x86_64-fedora-gcc | 0.1 | 115.39 | OK | |||
r-devel-windows-x86_64 | 0.1 | 11.00 | 88.00 | 99.00 | OK | |
r-patched-linux-x86_64 | 0.1 | 7.84 | 69.34 | 77.18 | OK | |
r-release-linux-x86_64 | 0.1 | 7.32 | 68.32 | 75.64 | OK | |
r-release-macos-arm64 | 0.1 | 58.00 | OK | |||
r-release-macos-x86_64 | 0.1 | 103.00 | OK | |||
r-release-windows-x86_64 | 0.1 | 10.00 | 87.00 | 97.00 | OK | |
r-oldrel-macos-arm64 | 0.1 | 54.00 | OK | |||
r-oldrel-macos-x86_64 | 0.1 | 77.00 | OK | |||
r-oldrel-windows-x86_64 | 0.1 | 14.00 | 107.00 | 121.00 | OK |
Version: 0.1
Check: CRAN incoming feasibility
Result: NOTE
Maintainer: ‘Zihuai He <zihuai@stanford.edu>’
No Authors@R field in DESCRIPTION.
Please add one, modifying
Authors@R: person(given = "Zihuai",
family = "He",
role = c("aut", "cre"),
email = "zihuai@stanford.edu")
as necessary.
Flavors: r-devel-linux-x86_64-debian-clang, r-devel-linux-x86_64-debian-gcc
These binaries (installable software) and packages are in development.
They may not be fully stable and should be used with caution. We make no claims about them.