Last updated on 2025-05-07 15:49:34 CEST.
Flavor | Version | Tinstall | Tcheck | Ttotal | Status | Flags |
---|---|---|---|---|---|---|
r-devel-linux-x86_64-debian-clang | 2.1 | 11.76 | 98.01 | 109.77 | NOTE | |
r-devel-linux-x86_64-debian-gcc | 2.1 | 8.05 | 70.53 | 78.58 | NOTE | |
r-devel-linux-x86_64-fedora-clang | 2.1 | 159.21 | OK | |||
r-devel-linux-x86_64-fedora-gcc | 2.1 | 183.81 | OK | |||
r-devel-windows-x86_64 | 2.1 | 15.00 | 103.00 | 118.00 | OK | |
r-patched-linux-x86_64 | 2.1 | 10.28 | 92.61 | 102.89 | OK | |
r-release-linux-x86_64 | 2.1 | 10.92 | 92.04 | 102.96 | OK | |
r-release-macos-arm64 | 2.1 | 56.00 | OK | |||
r-release-macos-x86_64 | 2.1 | 101.00 | OK | |||
r-release-windows-x86_64 | 2.1 | 15.00 | 105.00 | 120.00 | OK | |
r-oldrel-macos-arm64 | 2.1 | 53.00 | OK | |||
r-oldrel-macos-x86_64 | 2.1 | 79.00 | OK | |||
r-oldrel-windows-x86_64 | 2.1 | 17.00 | 132.00 | 149.00 | OK |
Version: 2.1
Check: CRAN incoming feasibility
Result: NOTE
Maintainer: ‘Wencan Zhu <wencan.zhu@yahoo.com>’
No Authors@R field in DESCRIPTION.
Please add one, modifying
Authors@R: person(given = "Wencan",
family = "Zhu",
role = c("aut", "cre"),
email = "wencan.zhu@yahoo.com")
as necessary.
Flavors: r-devel-linux-x86_64-debian-clang, r-devel-linux-x86_64-debian-gcc
These binaries (installable software) and packages are in development.
They may not be fully stable and should be used with caution. We make no claims about them.