Last updated on 2025-10-04 11:50:54 CEST.
Flavor | Version | Tinstall | Tcheck | Ttotal | Status | Flags |
---|---|---|---|---|---|---|
r-devel-linux-x86_64-debian-clang | 2.1 | 13.36 | 105.13 | 118.49 | NOTE | |
r-devel-linux-x86_64-debian-gcc | 2.1 | 9.40 | 75.34 | 84.74 | NOTE | |
r-devel-linux-x86_64-fedora-clang | 2.1 | 185.30 | OK | |||
r-devel-linux-x86_64-fedora-gcc | 2.1 | 196.55 | OK | |||
r-devel-windows-x86_64 | 2.1 | 15.00 | 110.00 | 125.00 | OK | |
r-patched-linux-x86_64 | 2.1 | 10.99 | 100.66 | 111.65 | OK | |
r-release-linux-x86_64 | 2.1 | 12.65 | 98.31 | 110.96 | OK | |
r-release-macos-arm64 | 2.1 | 56.00 | OK | |||
r-release-macos-x86_64 | 2.1 | 101.00 | OK | |||
r-release-windows-x86_64 | 2.1 | 14.00 | 112.00 | 126.00 | OK | |
r-oldrel-macos-arm64 | 2.1 | 53.00 | OK | |||
r-oldrel-macos-x86_64 | 2.1 | 79.00 | OK | |||
r-oldrel-windows-x86_64 | 2.1 | 19.00 | 140.00 | 159.00 | OK |
Version: 2.1
Check: CRAN incoming feasibility
Result: NOTE
Maintainer: ‘Wencan Zhu <wencan.zhu@yahoo.com>’
No Authors@R field in DESCRIPTION.
Please add one, modifying
Authors@R: person(given = "Wencan",
family = "Zhu",
role = c("aut", "cre"),
email = "wencan.zhu@yahoo.com")
as necessary.
Flavors: r-devel-linux-x86_64-debian-clang, r-devel-linux-x86_64-debian-gcc
These binaries (installable software) and packages are in development.
They may not be fully stable and should be used with caution. We make no claims about them.