Last updated on 2025-05-01 08:52:50 CEST.
Flavor | Version | Tinstall | Tcheck | Ttotal | Status | Flags |
---|---|---|---|---|---|---|
r-devel-linux-x86_64-debian-clang | 0.1.0 | 19.00 | 96.01 | 115.01 | NOTE | |
r-devel-linux-x86_64-debian-gcc | 0.1.0 | 13.96 | 69.41 | 83.37 | OK | |
r-devel-linux-x86_64-fedora-clang | 0.1.0 | 176.38 | OK | |||
r-devel-linux-x86_64-fedora-gcc | 0.1.0 | 170.95 | OK | |||
r-devel-windows-x86_64 | 0.1.0 | 23.00 | 121.00 | 144.00 | OK | |
r-patched-linux-x86_64 | 0.1.0 | 17.83 | 91.01 | 108.84 | OK | |
r-release-linux-x86_64 | OK | |||||
r-release-macos-arm64 | 0.1.0 | 48.00 | OK | |||
r-release-macos-x86_64 | 0.1.0 | 97.00 | OK | |||
r-release-windows-x86_64 | 0.1.0 | 25.00 | 123.00 | 148.00 | OK | |
r-oldrel-macos-arm64 | 0.1.0 | 50.00 | OK | |||
r-oldrel-macos-x86_64 | 0.1.0 | 132.00 | OK | |||
r-oldrel-windows-x86_64 | 0.1.0 | 27.00 | 146.00 | 173.00 | OK |
Version: 0.1.0
Check: examples
Result: NOTE
Examples with CPU (user + system) or elapsed time > 5s
user system elapsed
woa_kmedoids 6.684 0.173 9.721
Flavor: r-devel-linux-x86_64-debian-clang
These binaries (installable software) and packages are in development.
They may not be fully stable and should be used with caution. We make no claims about them.