CRAN Package Check Results for Package WOTPLY

Last updated on 2025-02-16 10:51:03 CET.

Flavor Version Tinstall Tcheck Ttotal Status Flags
r-devel-linux-x86_64-debian-clang 0.1.0 1.92 21.83 23.75 OK
r-devel-linux-x86_64-debian-gcc 0.1.0 1.66 18.19 19.85 OK
r-devel-linux-x86_64-fedora-clang 0.1.0 41.17 NOTE
r-devel-linux-x86_64-fedora-gcc 0.1.0 58.27 NOTE
r-devel-macos-arm64 0.1.0 33.00 OK
r-devel-macos-x86_64 0.1.0 43.00 OK
r-devel-windows-x86_64 0.1.0 3.00 44.00 47.00 OK
r-patched-linux-x86_64 0.1.0 1.81 21.25 23.06 OK
r-release-linux-x86_64 0.1.0 1.98 20.90 22.88 OK
r-release-macos-arm64 0.1.0 27.00 OK
r-release-macos-x86_64 0.1.0 35.00 OK
r-release-windows-x86_64 0.1.0 3.00 44.00 47.00 OK
r-oldrel-macos-arm64 0.1.0 26.00 OK
r-oldrel-macos-x86_64 0.1.0 39.00 OK
r-oldrel-windows-x86_64 0.1.0 4.00 51.00 55.00 OK

Check Details

Version: 0.1.0
Check: dependencies in R code
Result: NOTE Namespace in Imports field not imported from: ‘sna’ All declared Imports should be used. Flavors: r-devel-linux-x86_64-fedora-clang, r-devel-linux-x86_64-fedora-gcc

These binaries (installable software) and packages are in development.
They may not be fully stable and should be used with caution. We make no claims about them.