CRAN Package Check Results for Package WOTPLY

Last updated on 2025-10-03 03:51:04 CEST.

Flavor Version Tinstall Tcheck Ttotal Status Flags
r-devel-linux-x86_64-debian-clang 0.1.0 1.93 24.44 26.37 OK
r-devel-linux-x86_64-debian-gcc 0.1.0 1.64 20.20 21.84 OK
r-devel-linux-x86_64-fedora-clang 0.1.0 43.78 NOTE
r-devel-linux-x86_64-fedora-gcc 0.1.0 61.64 NOTE
r-devel-windows-x86_64 0.1.0 3.00 45.00 48.00 OK
r-patched-linux-x86_64 0.1.0 1.67 23.88 25.55 OK
r-release-linux-x86_64 0.1.0 2.04 23.73 25.77 OK
r-release-macos-arm64 0.1.0 25.00 OK
r-release-macos-x86_64 0.1.0 43.00 OK
r-release-windows-x86_64 0.1.0 3.00 46.00 49.00 OK
r-oldrel-macos-arm64 0.1.0 27.00 OK
r-oldrel-macos-x86_64 0.1.0 35.00 OK
r-oldrel-windows-x86_64 0.1.0 4.00 49.00 53.00 OK

Check Details

Version: 0.1.0
Check: dependencies in R code
Result: NOTE Namespace in Imports field not imported from: ‘sna’ All declared Imports should be used. Flavors: r-devel-linux-x86_64-fedora-clang, r-devel-linux-x86_64-fedora-gcc

These binaries (installable software) and packages are in development.
They may not be fully stable and should be used with caution. We make no claims about them.