CRAN Package Check Results for Package WPKDE

Last updated on 2025-02-16 10:51:03 CET.

Flavor Version Tinstall Tcheck Ttotal Status Flags
r-devel-linux-x86_64-debian-clang 0.1 3.70 28.47 32.17 OK
r-devel-linux-x86_64-debian-gcc 0.1 2.69 22.65 25.34 OK
r-devel-linux-x86_64-fedora-clang 0.1 53.36 OK
r-devel-linux-x86_64-fedora-gcc 0.1 49.33 OK
r-devel-macos-arm64 0.1 22.00 OK
r-devel-macos-x86_64 0.1 37.00 OK
r-devel-windows-x86_64 0.1 6.00 60.00 66.00 OK
r-patched-linux-x86_64 0.1 3.35 27.68 31.03 NOTE
r-release-linux-x86_64 0.1 3.51 27.68 31.19 NOTE
r-release-macos-arm64 0.1 21.00 NOTE
r-release-macos-x86_64 0.1 31.00 NOTE
r-release-windows-x86_64 0.1 6.00 60.00 66.00 NOTE
r-oldrel-macos-arm64 0.1 23.00 NOTE
r-oldrel-macos-x86_64 0.1 34.00 NOTE
r-oldrel-windows-x86_64 0.1 6.00 60.00 66.00 NOTE

Check Details

Version: 0.1
Check: LazyData
Result: NOTE 'LazyData' is specified without a 'data' directory Flavors: r-patched-linux-x86_64, r-release-linux-x86_64, r-release-macos-arm64, r-release-macos-x86_64, r-release-windows-x86_64, r-oldrel-macos-arm64, r-oldrel-macos-x86_64, r-oldrel-windows-x86_64

These binaries (installable software) and packages are in development.
They may not be fully stable and should be used with caution. We make no claims about them.