CRAN Package Check Results for Package WPKDE

Last updated on 2025-05-07 15:49:34 CEST.

Flavor Version Tinstall Tcheck Ttotal Status Flags
r-devel-linux-x86_64-debian-clang 0.1 3.50 28.66 32.16 NOTE
r-devel-linux-x86_64-debian-gcc 0.1 2.66 22.39 25.05 NOTE
r-devel-linux-x86_64-fedora-clang 0.1 49.16 OK
r-devel-linux-x86_64-fedora-gcc 0.1 47.65 OK
r-devel-windows-x86_64 0.1 5.00 57.00 62.00 OK
r-patched-linux-x86_64 0.1 3.65 27.85 31.50 OK
r-release-linux-x86_64 0.1 3.50 28.16 31.66 OK
r-release-macos-arm64 0.1 23.00 OK
r-release-macos-x86_64 0.1 39.00 OK
r-release-windows-x86_64 0.1 6.00 59.00 65.00 OK
r-oldrel-macos-arm64 0.1 21.00 NOTE
r-oldrel-macos-x86_64 0.1 31.00 NOTE
r-oldrel-windows-x86_64 0.1 6.00 64.00 70.00 NOTE

Check Details

Version: 0.1
Check: CRAN incoming feasibility
Result: NOTE Maintainer: ‘Kunyu Ye <kunyuye@163.com>’ No Authors@R field in DESCRIPTION. Please add one, modifying Authors@R: c(person(given = "Kunyu", family = "Ye", role = c("aut", "cre"), email = "kunyuye@163.com"), person(given = "Siyao", family = "Wang", role = "aut"), person(given = "Xudong", family = "Liu", role = "aut"), person(given = "Tianwei", family = "Yu", role = "aut")) as necessary. Flavors: r-devel-linux-x86_64-debian-clang, r-devel-linux-x86_64-debian-gcc

Version: 0.1
Check: LazyData
Result: NOTE 'LazyData' is specified without a 'data' directory Flavors: r-oldrel-macos-arm64, r-oldrel-macos-x86_64, r-oldrel-windows-x86_64

These binaries (installable software) and packages are in development.
They may not be fully stable and should be used with caution. We make no claims about them.