Last updated on 2025-11-11 15:50:52 CET.
| Flavor | Version | Tinstall | Tcheck | Ttotal | Status | Flags |
|---|---|---|---|---|---|---|
| r-devel-linux-x86_64-debian-clang | 0.1.4 | 10.51 | 150.99 | 161.50 | OK | |
| r-devel-linux-x86_64-debian-gcc | 0.1.4 | 7.57 | 114.97 | 122.54 | OK | |
| r-devel-linux-x86_64-fedora-clang | 0.1.4 | 24.00 | 198.07 | 222.07 | OK | |
| r-devel-linux-x86_64-fedora-gcc | 0.1.4 | 21.00 | 207.26 | 228.26 | OK | |
| r-devel-windows-x86_64 | 0.1.4 | 12.00 | 114.00 | 126.00 | OK | |
| r-patched-linux-x86_64 | 0.1.4 | 10.85 | 146.71 | 157.56 | OK | |
| r-release-linux-x86_64 | 0.1.4 | 10.65 | 147.66 | 158.31 | OK | |
| r-release-macos-arm64 | 0.1.4 | 4.00 | 52.00 | 56.00 | OK | |
| r-release-macos-x86_64 | 0.1.4 | 15.00 | 100.00 | 115.00 | OK | |
| r-release-windows-x86_64 | 0.1.4 | 12.00 | 113.00 | 125.00 | OK | |
| r-oldrel-macos-arm64 | 0.1.4 | 6.00 | 52.00 | 58.00 | NOTE | |
| r-oldrel-macos-x86_64 | 0.1.4 | 10.00 | 94.00 | 104.00 | NOTE | |
| r-oldrel-windows-x86_64 | 0.1.4 | 16.00 | 146.00 | 162.00 | NOTE |
Version: 0.1.4
Check: package dependencies
Result: NOTE
Package suggested but not available for checking: ‘wmtsa’
Flavors: r-oldrel-macos-arm64, r-oldrel-macos-x86_64, r-oldrel-windows-x86_64
These binaries (installable software) and packages are in development.
They may not be fully stable and should be used with caution. We make no claims about them.