Last updated on 2025-02-02 14:48:38 CET.
Flavor | Version | Tinstall | Tcheck | Ttotal | Status | Flags |
---|---|---|---|---|---|---|
r-devel-linux-x86_64-debian-clang | 0.1.4 | 9.39 | 137.81 | 147.20 | OK | |
r-devel-linux-x86_64-debian-gcc | 0.1.4 | 7.26 | 107.21 | 114.47 | OK | |
r-devel-linux-x86_64-fedora-clang | 0.1.4 | 250.24 | OK | |||
r-devel-linux-x86_64-fedora-gcc | 0.1.4 | 245.83 | OK | |||
r-devel-windows-x86_64 | 0.1.4 | 10.00 | 103.00 | 113.00 | OK | |
r-patched-linux-x86_64 | 0.1.4 | 9.06 | 130.02 | 139.08 | NOTE | |
r-release-linux-x86_64 | 0.1.4 | 9.12 | 130.57 | 139.69 | NOTE | |
r-release-macos-arm64 | 0.1.4 | 58.00 | NOTE | |||
r-release-macos-x86_64 | 0.1.4 | 104.00 | NOTE | |||
r-release-windows-x86_64 | 0.1.4 | 12.00 | 104.00 | 116.00 | NOTE | |
r-oldrel-macos-arm64 | 0.1.4 | 58.00 | NOTE | |||
r-oldrel-macos-x86_64 | 0.1.4 | 109.00 | NOTE | |||
r-oldrel-windows-x86_64 | 0.1.4 | 13.00 | 131.00 | 144.00 | NOTE |
Version: 0.1.4
Check: package dependencies
Result: NOTE
Package suggested but not available for checking: ‘wmtsa’
Flavors: r-patched-linux-x86_64, r-release-linux-x86_64, r-release-macos-arm64, r-release-macos-x86_64, r-release-windows-x86_64, r-oldrel-macos-arm64, r-oldrel-macos-x86_64, r-oldrel-windows-x86_64
These binaries (installable software) and packages are in development.
They may not be fully stable and should be used with caution. We make no claims about them.