Last updated on 2025-07-26 07:50:38 CEST.
Flavor | Version | Tinstall | Tcheck | Ttotal | Status | Flags |
---|---|---|---|---|---|---|
r-devel-linux-x86_64-debian-clang | 1.0 | 6.76 | 266.90 | 273.66 | NOTE | |
r-devel-linux-x86_64-debian-gcc | 1.0 | 5.76 | 160.91 | 166.67 | NOTE | |
r-devel-linux-x86_64-fedora-clang | 1.0 | 448.47 | OK | |||
r-devel-linux-x86_64-fedora-gcc | 1.0 | 452.01 | OK | |||
r-devel-windows-x86_64 | 1.0 | 9.00 | 246.00 | 255.00 | OK | |
r-patched-linux-x86_64 | 1.0 | 7.10 | 245.75 | 252.85 | OK | |
r-release-linux-x86_64 | 1.0 | 6.51 | 244.15 | 250.66 | OK | |
r-release-macos-arm64 | 1.0 | 129.00 | OK | |||
r-release-macos-x86_64 | 1.0 | 286.00 | OK | |||
r-release-windows-x86_64 | 1.0 | 8.00 | 239.00 | 247.00 | OK | |
r-oldrel-macos-arm64 | 1.0 | 112.00 | OK | |||
r-oldrel-macos-x86_64 | 1.0 | 192.00 | OK | |||
r-oldrel-windows-x86_64 | 1.0 | 11.00 | 318.00 | 329.00 | OK |
Version: 1.0
Check: CRAN incoming feasibility
Result: NOTE
Maintainer: ‘Lu Mao <lmao@biostat.wisc.edu>’
No Authors@R field in DESCRIPTION.
Please add one, modifying
Authors@R: c(person(given = "Lu",
family = "Mao",
role = c("aut", "cre"),
email = "lmao@biostat.wisc.edu"),
person(given = "Tuo",
family = "Wang",
role = "aut"))
as necessary.
Flavors: r-devel-linux-x86_64-debian-clang, r-devel-linux-x86_64-debian-gcc
These binaries (installable software) and packages are in development.
They may not be fully stable and should be used with caution. We make no claims about them.