CRAN Package Check Results for Package WRI

Last updated on 2025-05-01 08:52:50 CEST.

Flavor Version Tinstall Tcheck Ttotal Status Flags
r-devel-linux-x86_64-debian-clang 0.2.0 38.86 84.49 123.35 NOTE
r-devel-linux-x86_64-debian-gcc 0.2.0 25.75 64.89 90.64 NOTE
r-devel-linux-x86_64-fedora-clang 0.2.0 228.85 NOTE
r-devel-linux-x86_64-fedora-gcc 0.2.0 213.37 NOTE
r-devel-windows-x86_64 0.2.0 43.00 117.00 160.00 NOTE
r-patched-linux-x86_64 0.2.0 33.05 82.01 115.06 NOTE
r-release-linux-x86_64 NOTE
r-release-macos-arm64 0.2.0 77.00 NOTE
r-release-macos-x86_64 0.2.0 105.00 NOTE
r-release-windows-x86_64 0.2.0 45.00 122.00 167.00 NOTE
r-oldrel-macos-arm64 0.2.0 68.00 NOTE
r-oldrel-macos-x86_64 0.2.0 82.00 NOTE
r-oldrel-windows-x86_64 0.2.0 52.00 149.00 201.00 NOTE

Check Details

Version: 0.2.0
Check: Rd files
Result: NOTE checkRd: (-1) confidenceBands.Rd:41: Lost braces in \itemize; \value handles \item{}{} directly checkRd: (-1) confidenceBands.Rd:42: Lost braces in \itemize; \value handles \item{}{} directly checkRd: (-1) confidenceBands.Rd:43: Lost braces in \itemize; \value handles \item{}{} directly checkRd: (-1) confidenceBands.Rd:44: Lost braces in \itemize; \value handles \item{}{} directly checkRd: (-1) confidenceBands.Rd:48: Lost braces in \itemize; \value handles \item{}{} directly checkRd: (-1) confidenceBands.Rd:49: Lost braces in \itemize; \value handles \item{}{} directly checkRd: (-1) confidenceBands.Rd:50: Lost braces in \itemize; \value handles \item{}{} directly checkRd: (-1) confidenceBands.Rd:51: Lost braces in \itemize; \value handles \item{}{} directly checkRd: (-1) confidenceBands.Rd:54: Lost braces in \itemize; \value handles \item{}{} directly checkRd: (-1) confidenceBands.Rd:55: Lost braces in \itemize; \value handles \item{}{} directly checkRd: (-1) confidenceBands.Rd:56: Lost braces in \itemize; \value handles \item{}{} directly checkRd: (-1) confidenceBands.Rd:57: Lost braces in \itemize; \value handles \item{}{} directly checkRd: (-1) confidenceBands.Rd:58: Lost braces in \itemize; \value handles \item{}{} directly checkRd: (-1) globalFtest.Rd:46: Lost braces in \itemize; meant \describe ? checkRd: (-1) globalFtest.Rd:47: Lost braces in \itemize; meant \describe ? checkRd: (-1) globalFtest.Rd:48: Lost braces in \itemize; meant \describe ? checkRd: (-1) globalFtest.Rd:49: Lost braces in \itemize; meant \describe ? checkRd: (-1) globalFtest.Rd:35: Lost braces in \itemize; \value handles \item{}{} directly checkRd: (-1) globalFtest.Rd:36: Lost braces in \itemize; \value handles \item{}{} directly checkRd: (-1) globalFtest.Rd:37: Lost braces in \itemize; \value handles \item{}{} directly checkRd: (-1) globalFtest.Rd:38: Lost braces in \itemize; \value handles \item{}{} directly checkRd: (-1) partialFtest.Rd:29: Lost braces in \itemize; meant \describe ? checkRd: (-1) partialFtest.Rd:30: Lost braces in \itemize; meant \describe ? checkRd: (-1) simulate_quantile_curves.Rd:19: Lost braces; missing escapes or markup? 19 | {quan_obs} {n-by-m matrix of quantile functions} | ^ checkRd: (-1) wass_regress.Rd:38: Lost braces in \itemize; \value handles \item{}{} directly checkRd: (-1) wass_regress.Rd:39: Lost braces in \itemize; \value handles \item{}{} directly checkRd: (-1) wass_regress.Rd:40: Lost braces in \itemize; \value handles \item{}{} directly checkRd: (-1) wass_regress.Rd:41: Lost braces in \itemize; \value handles \item{}{} directly Flavors: r-devel-linux-x86_64-debian-clang, r-devel-linux-x86_64-debian-gcc, r-devel-linux-x86_64-fedora-clang, r-devel-linux-x86_64-fedora-gcc, r-devel-windows-x86_64, r-patched-linux-x86_64, r-release-linux-x86_64, r-release-macos-arm64, r-release-macos-x86_64, r-release-windows-x86_64, r-oldrel-macos-arm64, r-oldrel-macos-x86_64, r-oldrel-windows-x86_64

Version: 0.2.0
Check: examples
Result: NOTE Examples with CPU (user + system) or elapsed time > 5s user system elapsed WARp 6.823 0.186 9.006 Flavor: r-devel-linux-x86_64-debian-clang

Version: 0.2.0
Check: examples
Result: NA user system elapsed WARp 3.754 0.158 5.113 OK Flavor: r-devel-linux-x86_64-debian-gcc

Version: 0.2.0
Check: dependencies in R code
Result: NOTE Namespaces in Imports field not imported from: ‘fdadensity’ ‘locfit’ ‘locpol’ ‘modeest’ All declared Imports should be used. Flavors: r-devel-linux-x86_64-fedora-clang, r-devel-linux-x86_64-fedora-gcc

These binaries (installable software) and packages are in development.
They may not be fully stable and should be used with caution. We make no claims about them.