Last updated on 2025-05-01 15:49:48 CEST.
Flavor | Version | Tinstall | Tcheck | Ttotal | Status | Flags |
---|---|---|---|---|---|---|
r-devel-linux-x86_64-debian-clang | 1.1 | 6.99 | 50.13 | 57.12 | NOTE | |
r-devel-linux-x86_64-debian-gcc | 1.2 | 5.05 | 34.38 | 39.43 | OK | |
r-devel-linux-x86_64-fedora-clang | 1.2 | 94.74 | OK | |||
r-devel-linux-x86_64-fedora-gcc | 1.2 | 93.21 | OK | |||
r-devel-windows-x86_64 | 1.2 | 12.00 | 70.00 | 82.00 | OK | |
r-patched-linux-x86_64 | 1.1 | 8.90 | 47.39 | 56.29 | OK | |
r-release-linux-x86_64 | OK | |||||
r-release-macos-arm64 | 1.2 | 24.00 | OK | |||
r-release-macos-x86_64 | 1.2 | 50.00 | OK | |||
r-release-windows-x86_64 | 1.2 | 13.00 | 71.00 | 84.00 | OK | |
r-oldrel-macos-arm64 | 1.2 | 27.00 | OK | |||
r-oldrel-macos-x86_64 | 1.2 | 58.00 | OK | |||
r-oldrel-windows-x86_64 | 1.1 | 9.00 | 65.00 | 74.00 | OK |
Version: 1.1
Check: CRAN incoming feasibility
Result: NOTE
Maintainer: ‘Angi Roesch <angi@angi-stat.com>’
No Authors@R field in DESCRIPTION.
Please add one, modifying
Authors@R: c(person(given = "Angi",
family = "Roesch",
role = c("aut", "cre"),
email = "angi@angi-stat.com"),
person(given = "Harald",
family = "Schmidbauer",
role = "aut",
email = "harald@hs-stat.com"))
as necessary.
The URL field contains the following bad parts:
Guide
booklet
at
The URL field should be a list of URLs separated by commas or
whitespace.
Flavor: r-devel-linux-x86_64-debian-clang
These binaries (installable software) and packages are in development.
They may not be fully stable and should be used with caution. We make no claims about them.