Last updated on 2025-05-03 22:50:13 CEST.
Flavor | Version | Tinstall | Tcheck | Ttotal | Status | Flags |
---|---|---|---|---|---|---|
r-devel-linux-x86_64-debian-clang | 0.1.1 | 12.19 | 104.26 | 116.45 | NOTE | |
r-devel-linux-x86_64-debian-gcc | 0.1.1 | 9.67 | 75.62 | 85.29 | NOTE | |
r-devel-linux-x86_64-fedora-clang | 0.1.1 | 169.34 | OK | |||
r-devel-linux-x86_64-fedora-gcc | 0.1.1 | 170.09 | OK | |||
r-devel-windows-x86_64 | 0.1.1 | 13.00 | 102.00 | 115.00 | OK | |
r-patched-linux-x86_64 | 0.1.1 | 12.98 | 98.01 | 110.99 | OK | |
r-release-linux-x86_64 | OK | |||||
r-release-macos-arm64 | 0.1.1 | 51.00 | OK | |||
r-release-macos-x86_64 | 0.1.1 | 92.00 | OK | |||
r-release-windows-x86_64 | 0.1.1 | 14.00 | 102.00 | 116.00 | OK | |
r-oldrel-macos-arm64 | 0.1.1 | 49.00 | NOTE | |||
r-oldrel-macos-x86_64 | 0.1.1 | 65.00 | NOTE | |||
r-oldrel-windows-x86_64 | 0.1.1 | 17.00 | 131.00 | 148.00 | NOTE |
Version: 0.1.1
Check: CRAN incoming feasibility
Result: NOTE
Maintainer: ‘Dr. Ranjit Kumar Paul <ranjitstat@gmail.com>’
No Authors@R field in DESCRIPTION.
Please add one, modifying
Authors@R: c(person(given = c("Dr.", "Ranjit", "Kumar"),
family = "Paul",
role = c("aut", "cre"),
email = "ranjitstat@gmail.com"),
person(given = "Sandipan",
family = "Samanta",
role = "aut"),
person(given = "Ankit",
family = "Tanwar",
role = "aut"))
as necessary.
Flavors: r-devel-linux-x86_64-debian-clang, r-devel-linux-x86_64-debian-gcc
Version: 0.1.1
Check: LazyData
Result: NOTE
'LazyData' is specified without a 'data' directory
Flavors: r-oldrel-macos-arm64, r-oldrel-macos-x86_64, r-oldrel-windows-x86_64
These binaries (installable software) and packages are in development.
They may not be fully stable and should be used with caution. We make no claims about them.