Last updated on 2025-02-16 10:51:03 CET.
Flavor | Version | Tinstall | Tcheck | Ttotal | Status | Flags |
---|---|---|---|---|---|---|
r-devel-linux-x86_64-debian-clang | 0.3.2 | 27.97 | 170.13 | 198.10 | NOTE | |
r-devel-linux-x86_64-debian-gcc | 0.3.2 | 20.34 | 122.76 | 143.10 | NOTE | |
r-devel-linux-x86_64-fedora-clang | 0.3.2 | 347.62 | NOTE | |||
r-devel-linux-x86_64-fedora-gcc | 0.3.2 | 297.66 | NOTE | |||
r-devel-macos-arm64 | 0.3.2 | 98.00 | NOTE | |||
r-devel-macos-x86_64 | 0.3.2 | 173.00 | NOTE | |||
r-devel-windows-x86_64 | 0.3.2 | 26.00 | 176.00 | 202.00 | NOTE | |
r-patched-linux-x86_64 | 0.3.2 | 35.39 | 156.02 | 191.41 | NOTE | |
r-release-linux-x86_64 | 0.3.2 | 26.38 | 157.65 | 184.03 | NOTE | |
r-release-macos-arm64 | 0.3.2 | 94.00 | NOTE | |||
r-release-macos-x86_64 | 0.3.2 | 155.00 | NOTE | |||
r-release-windows-x86_64 | 0.3.2 | 25.00 | 174.00 | 199.00 | NOTE | |
r-oldrel-macos-arm64 | 0.3.2 | 120.00 | OK | |||
r-oldrel-macos-x86_64 | 0.3.2 | 416.00 | OK | |||
r-oldrel-windows-x86_64 | 0.3.2 | 33.00 | 238.00 | 271.00 | OK |
Version: 0.3.2
Check: Rd files
Result: NOTE
checkRd: (-1) anchor_points_grey.Rd:9: Lost braces
9 | Zeeden et al., (2013) and anchored to the code{\link{astrosignal_example}} \cr
| ^
checkRd: (-1) retrack_wt_MC.Rd:206: Lost braces
206 | be off in certain intervals. the link[WaverideR]{retrack_wt_MC} mitigates
| ^
checkRd: (-1) retrack_wt_MC.Rd:40: Lost braces
40 | link[WaverideR]{analyze_wavelet} wavelet function
| ^
checkRd: (-1) retrack_wt_MC.Rd:41: Lost braces
41 | To create a list use the link[base]{list} function}
| ^
checkRd: (-1) retrack_wt_MC.Rd:44: Lost braces
44 | To create the matrix use the link[base]{cbind} function and only add the
| ^
Flavors: r-devel-linux-x86_64-debian-clang, r-devel-linux-x86_64-debian-gcc, r-devel-linux-x86_64-fedora-clang, r-devel-linux-x86_64-fedora-gcc, r-devel-macos-arm64, r-devel-macos-x86_64, r-devel-windows-x86_64, r-patched-linux-x86_64, r-release-linux-x86_64, r-release-macos-arm64, r-release-macos-x86_64, r-release-windows-x86_64
Version: 0.3.2
Check: Rd cross-references
Result: NOTE
Found the following Rd file(s) with Rd \link{} targets missing package
anchors:
loess_auto.Rd: loess.as
Please provide package anchors for all Rd \link{} targets not in the
package itself and the base packages.
Flavors: r-devel-linux-x86_64-debian-clang, r-devel-linux-x86_64-debian-gcc, r-devel-windows-x86_64
These binaries (installable software) and packages are in development.
They may not be fully stable and should be used with caution. We make no claims about them.