Last updated on 2024-07-27 15:50:37 CEST.
Flavor | Version | Tinstall | Tcheck | Ttotal | Status | Flags |
---|---|---|---|---|---|---|
r-devel-linux-x86_64-debian-clang | 4.0.3 | 13.00 | 332.76 | 345.76 | OK | |
r-devel-linux-x86_64-debian-gcc | 4.0.3 | OK | ||||
r-devel-linux-x86_64-fedora-clang | 4.0.3 | 422.63 | OK | |||
r-devel-linux-x86_64-fedora-gcc | 4.0.3 | 407.11 | OK | |||
r-devel-windows-x86_64 | 4.0.3 | 12.00 | 228.00 | 240.00 | OK | |
r-patched-linux-x86_64 | 4.0.3 | OK | ||||
r-release-linux-x86_64 | 4.0.3 | 13.49 | 318.82 | 332.31 | OK | |
r-release-macos-arm64 | 4.0.3 | 112.00 | NOTE | |||
r-release-macos-x86_64 | 4.0.3 | 170.00 | OK | |||
r-release-windows-x86_64 | 4.0.3 | 12.00 | 227.00 | 239.00 | OK | |
r-oldrel-macos-arm64 | 4.0.3 | 115.00 | OK | |||
r-oldrel-macos-x86_64 | 4.0.3 | 294.00 | OK | |||
r-oldrel-windows-x86_64 | 4.0.3 | 16.00 | 310.00 | 326.00 | OK |
Version: 4.0.3
Check: package dependencies
Result: NOTE
Package suggested but not available for checking: ‘glmmTMB’
Flavor: r-release-macos-arm64
These binaries (installable software) and packages are in development.
They may not be fully stable and should be used with caution. We make no claims about them.