Last updated on 2025-10-23 23:49:51 CEST.
| Flavor | Version | Tinstall | Tcheck | Ttotal | Status | Flags |
|---|---|---|---|---|---|---|
| r-devel-linux-x86_64-debian-clang | 0.1.0 | 6.42 | 50.70 | 57.12 | NOTE | |
| r-devel-linux-x86_64-debian-gcc | 0.1.0 | 4.09 | 39.10 | 43.19 | NOTE | |
| r-devel-linux-x86_64-fedora-clang | 0.1.0 | 13.00 | 73.21 | 86.21 | NOTE | |
| r-devel-linux-x86_64-fedora-gcc | 0.1.0 | 15.00 | 72.12 | 87.12 | NOTE | |
| r-devel-windows-x86_64 | 0.1.0 | 8.00 | 61.00 | 69.00 | NOTE | |
| r-patched-linux-x86_64 | 0.1.0 | 6.16 | 46.75 | 52.91 | NOTE | |
| r-release-linux-x86_64 | 0.1.0 | 5.89 | 47.95 | 53.84 | NOTE | |
| r-release-macos-arm64 | 0.1.0 | 4.00 | 30.00 | 34.00 | NOTE | |
| r-release-macos-x86_64 | 0.1.0 | 6.00 | 52.00 | 58.00 | NOTE | |
| r-release-windows-x86_64 | 0.1.0 | 8.00 | 64.00 | 72.00 | NOTE | |
| r-oldrel-macos-arm64 | 0.1.0 | 3.00 | 27.00 | 30.00 | NOTE | |
| r-oldrel-macos-x86_64 | 0.1.0 | 6.00 | 50.00 | 56.00 | NOTE | |
| r-oldrel-windows-x86_64 | 0.1.0 | 12.00 | 78.00 | 90.00 | NOTE |
Version: 0.1.0
Check: Rd files
Result: NOTE
checkRd: (-1) busTrace.Rd:15: Lost braces
15 | /href{https://crawdad.org/coppe-ufrj/RioBuses/20180319/}
| ^
Flavors: r-devel-linux-x86_64-debian-clang, r-devel-linux-x86_64-debian-gcc, r-devel-linux-x86_64-fedora-clang, r-devel-linux-x86_64-fedora-gcc, r-devel-windows-x86_64, r-patched-linux-x86_64, r-release-linux-x86_64, r-release-macos-arm64, r-release-macos-x86_64, r-release-windows-x86_64, r-oldrel-macos-arm64, r-oldrel-macos-x86_64, r-oldrel-windows-x86_64
These binaries (installable software) and packages are in development.
They may not be fully stable and should be used with caution. We make no claims about them.