Last updated on 2025-02-16 10:51:03 CET.
Flavor | Version | Tinstall | Tcheck | Ttotal | Status | Flags |
---|---|---|---|---|---|---|
r-devel-linux-x86_64-debian-clang | 2020.1.31 | 1.48 | 28.09 | 29.57 | NOTE | |
r-devel-linux-x86_64-debian-gcc | 2020.1.31 | 1.36 | 21.94 | 23.30 | NOTE | |
r-devel-linux-x86_64-fedora-clang | 2020.1.31 | 51.35 | NOTE | |||
r-devel-linux-x86_64-fedora-gcc | 2020.1.31 | 60.04 | NOTE | |||
r-devel-macos-arm64 | 2020.1.31 | 25.00 | NOTE | |||
r-devel-macos-x86_64 | 2020.1.31 | 61.00 | NOTE | |||
r-devel-windows-x86_64 | 2020.1.31 | 3.00 | 68.00 | 71.00 | NOTE | |
r-patched-linux-x86_64 | 2020.1.31 | 1.32 | 26.31 | 27.63 | NOTE | |
r-release-linux-x86_64 | 2020.1.31 | 1.42 | 26.37 | 27.79 | NOTE | |
r-release-macos-arm64 | 2020.1.31 | 23.00 | NOTE | |||
r-release-macos-x86_64 | 2020.1.31 | 41.00 | NOTE | |||
r-release-windows-x86_64 | 2020.1.31 | 2.00 | 60.00 | 62.00 | NOTE | |
r-oldrel-macos-arm64 | 2020.1.31 | 26.00 | OK | |||
r-oldrel-macos-x86_64 | 2020.1.31 | 38.00 | OK | |||
r-oldrel-windows-x86_64 | 2020.1.31 | 3.00 | 59.00 | 62.00 | OK |
Version: 2020.1.31
Check: Rd files
Result: NOTE
checkRd: (-1) WeightedROC.Rd:10: Lost braces; missing escapes or markup?
10 | integer/numeric with values all in {0=negative,1=positive} or
| ^
checkRd: (-1) WeightedROC.Rd:11: Lost braces; missing escapes or markup?
11 | {1=negative,2=positive} or {-1=negative,1=positive}.}
| ^
checkRd: (-1) WeightedROC.Rd:11: Lost braces; missing escapes or markup?
11 | {1=negative,2=positive} or {-1=negative,1=positive}.}
| ^
Flavors: r-devel-linux-x86_64-debian-clang, r-devel-linux-x86_64-debian-gcc, r-devel-linux-x86_64-fedora-clang, r-devel-linux-x86_64-fedora-gcc, r-devel-macos-arm64, r-devel-macos-x86_64, r-devel-windows-x86_64, r-patched-linux-x86_64, r-release-linux-x86_64, r-release-macos-arm64, r-release-macos-x86_64, r-release-windows-x86_64
These binaries (installable software) and packages are in development.
They may not be fully stable and should be used with caution. We make no claims about them.