Last updated on 2025-10-03 17:48:51 CEST.
Flavor | Version | Tinstall | Tcheck | Ttotal | Status | Flags |
---|---|---|---|---|---|---|
r-devel-linux-x86_64-debian-clang | 0.1.4 | 44.62 | 88.77 | 133.39 | OK | |
r-devel-linux-x86_64-debian-gcc | 0.1.4 | 38.77 | 64.55 | 103.32 | OK | |
r-devel-linux-x86_64-fedora-clang | 0.1.4 | 223.96 | OK | |||
r-devel-linux-x86_64-fedora-gcc | 0.1.4 | 276.61 | OK | |||
r-devel-windows-x86_64 | 0.1.4 | 58.00 | 117.00 | 175.00 | OK | |
r-patched-linux-x86_64 | 0.1.4 | 52.51 | 84.87 | 137.38 | OK | |
r-release-linux-x86_64 | 0.1.4 | 52.36 | 83.14 | 135.50 | OK | |
r-release-macos-arm64 | 0.1.4 | 65.00 | OK | |||
r-release-macos-x86_64 | 0.1.4 | 124.00 | OK | |||
r-release-windows-x86_64 | 0.1.4 | 56.00 | 117.00 | 173.00 | OK | |
r-oldrel-macos-arm64 | 0.1.4 | 62.00 | NOTE | |||
r-oldrel-macos-x86_64 | 0.1.4 | 176.00 | NOTE | |||
r-oldrel-windows-x86_64 | 0.1.4 | 68.00 | 142.00 | 210.00 | OK |
Version: 0.1.4
Check: installed package size
Result: NOTE
installed size is 12.6Mb
sub-directories of 1Mb or more:
doc 1.4Mb
libs 10.4Mb
Flavors: r-oldrel-macos-arm64, r-oldrel-macos-x86_64
These binaries (installable software) and packages are in development.
They may not be fully stable and should be used with caution. We make no claims about them.